{"id":4855,"date":"2019-09-08T12:57:58","date_gmt":"2019-09-08T12:57:58","guid":{"rendered":"http:\/\/lignoplan.com\/wordpress_d\/?page_id=4855"},"modified":"2022-10-17T07:59:23","modified_gmt":"2022-10-17T07:59:23","slug":"jugend-3-20192020","status":"publish","type":"page","link":"https:\/\/lignoplan.com\/wordpress_9\/jugend-3-20192020\/","title":{"rendered":"Jugend 3 2019\/2020"},"content":{"rendered":"<div id=\"pl-4855\"  class=\"panel-layout\" ><div id=\"pg-4855-0\"  class=\"panel-grid panel-no-style\" ><div id=\"pgc-4855-0-0\"  class=\"panel-grid-cell\" ><div id=\"panel-4855-0-0-0\" class=\"so-panel widget widget_category-posts cat-post-widget panel-first-child\" data-index=\"0\" ><div class=\"not_editable bvg_categoryposts panel-widget-style panel-widget-style-for-4855-0-0-0\" ><div id=\"mannschaft_berichte\"><ul>\n\n\t\t\t\t<li class='cat-post-item' >\n\t\t\t\t\t\n\t\t\t\t\t\t\t\t\t\t\t<a class=\"post-title  cat-post-title\" \n\t\t\t\t\t\t\thref=\"https:\/\/lignoplan.com\/wordpress_9\/was-fuer-ein-krimi\/\" rel=\"bookmark\">Was f\u00fcr ein Krimi !\t\t\t\t\t\t<\/a>\n\t\t\t\t\t\t\t\t\t\t\t<p class=\"post-author cat-post-author\">\n\t\t\t\t\t\t\tvon\n                            <a href=\"https:\/\/lignoplan.com\/wordpress_9\/author\/ld\/\" title=\"Beitr\u00e4ge von Laurent Dorier\" rel=\"author\">Laurent Dorier<\/a>\t\t\t\t\t\t<\/p>\n\t\t\t\t\t\t\t\t\t<\/li>\n\t\t\t\t\n\t\t\t\t<li class='cat-post-item' >\n\t\t\t\t\t\n\t\t\t\t\t\t\t\t\t\t\t<a class=\"post-title  cat-post-title\" \n\t\t\t\t\t\t\thref=\"https:\/\/lignoplan.com\/wordpress_9\/3-jugendmannschaft-verliert-in-hofheim\/\" rel=\"bookmark\">3. Jugendmannschaft verliert in Hofheim\t\t\t\t\t\t<\/a>\n\t\t\t\t\t\t\t\t\t\t\t<p class=\"post-author cat-post-author\">\n\t\t\t\t\t\t\tvon\n                            <a href=\"https:\/\/lignoplan.com\/wordpress_9\/author\/mk\/\" title=\"Beitr\u00e4ge von Martin K\u00f6hler\" rel=\"author\">Martin K\u00f6hler<\/a>\t\t\t\t\t\t<\/p>\n\t\t\t\t\t\t\t\t\t<\/li>\n\t\t\t\t\n\t\t\t\t<li class='cat-post-item' >\n\t\t\t\t\t\n\t\t\t\t\t\t\t\t\t\t\t<a class=\"post-title  cat-post-title\" \n\t\t\t\t\t\t\thref=\"https:\/\/lignoplan.com\/wordpress_9\/leider-immer-noch-nicht\/\" rel=\"bookmark\">Leider&#8230; immer noch nicht&#8230; ^^\t\t\t\t\t\t<\/a>\n\t\t\t\t\t\t\t\t\t\t\t<p class=\"post-author cat-post-author\">\n\t\t\t\t\t\t\tvon\n                            <a href=\"https:\/\/lignoplan.com\/wordpress_9\/author\/ld\/\" title=\"Beitr\u00e4ge von Laurent Dorier\" rel=\"author\">Laurent Dorier<\/a>\t\t\t\t\t\t<\/p>\n\t\t\t\t\t\t\t\t\t<\/li>\n\t\t\t\t\n\t\t\t\t<li class='cat-post-item' >\n\t\t\t\t\t\n\t\t\t\t\t\t\t\t\t\t\t<a class=\"post-title  cat-post-title\" \n\t\t\t\t\t\t\thref=\"https:\/\/lignoplan.com\/wordpress_9\/3-jugend-verliert-gegen-spitzenreiter-unter-wert\/\" rel=\"bookmark\">3. Jugend verliert gegen Spitzenreiter unter Wert\t\t\t\t\t\t<\/a>\n\t\t\t\t\t\t\t\t\t\t\t<p class=\"post-author cat-post-author\">\n\t\t\t\t\t\t\tvon\n                            <a href=\"https:\/\/lignoplan.com\/wordpress_9\/author\/mk\/\" title=\"Beitr\u00e4ge von Martin K\u00f6hler\" rel=\"author\">Martin K\u00f6hler<\/a>\t\t\t\t\t\t<\/p>\n\t\t\t\t\t\t\t\t\t<\/li>\n\t\t\t\t\n\t\t\t\t<li class='cat-post-item' >\n\t\t\t\t\t\n\t\t\t\t\t\t\t\t\t\t\t<a class=\"post-title  cat-post-title\" \n\t\t\t\t\t\t\thref=\"https:\/\/lignoplan.com\/wordpress_9\/3-jugendmannschaft-bleibt-ohne-punkte\/\" rel=\"bookmark\">3. Jugendmannschaft bleibt ohne Punkte\t\t\t\t\t\t<\/a>\n\t\t\t\t\t\t\t\t\t\t\t<p class=\"post-author cat-post-author\">\n\t\t\t\t\t\t\tvon\n                            <a href=\"https:\/\/lignoplan.com\/wordpress_9\/author\/mk\/\" title=\"Beitr\u00e4ge von Martin K\u00f6hler\" rel=\"author\">Martin K\u00f6hler<\/a>\t\t\t\t\t\t<\/p>\n\t\t\t\t\t\t\t\t\t<\/li>\n\t\t\t\t\n\t\t\t\t<li class='cat-post-item' >\n\t\t\t\t\t\n\t\t\t\t\t\t\t\t\t\t\t<a class=\"post-title  cat-post-title\" \n\t\t\t\t\t\t\thref=\"https:\/\/lignoplan.com\/wordpress_9\/3-jugendmannschaft-verpasst-remis-in-rodgau\/\" rel=\"bookmark\">3. Jugendmannschaft verpasst Remis in Rodgau\t\t\t\t\t\t<\/a>\n\t\t\t\t\t\t\t\t\t\t\t<p class=\"post-author cat-post-author\">\n\t\t\t\t\t\t\tvon\n                            <a href=\"https:\/\/lignoplan.com\/wordpress_9\/author\/mk\/\" title=\"Beitr\u00e4ge von Martin K\u00f6hler\" rel=\"author\">Martin K\u00f6hler<\/a>\t\t\t\t\t\t<\/p>\n\t\t\t\t\t\t\t\t\t<\/li>\n\t\t\t\t\n\t\t\t\t<li class='cat-post-item' >\n\t\t\t\t\t\n\t\t\t\t\t\t\t\t\t\t\t<a class=\"post-title  cat-post-title\" \n\t\t\t\t\t\t\thref=\"https:\/\/lignoplan.com\/wordpress_9\/saisonstart-fuer-die-3-jugendmannschaft\/\" rel=\"bookmark\">Saisonstart f\u00fcr die 3. Jugendmannschaft\t\t\t\t\t\t<\/a>\n\t\t\t\t\t\t\t\t\t\t\t<p class=\"post-author cat-post-author\">\n\t\t\t\t\t\t\tvon\n                            <a href=\"https:\/\/lignoplan.com\/wordpress_9\/author\/ld\/\" title=\"Beitr\u00e4ge von Laurent Dorier\" rel=\"author\">Laurent Dorier<\/a>\t\t\t\t\t\t<\/p>\n\t\t\t\t\t\t\t\t\t<\/li>\n\t\t\t\t\n\t\t\t\t<li class='cat-post-item' >\n\t\t\t\t\t\n\t\t\t\t\t\t\t\t\t\t\t<a class=\"post-title  cat-post-title\" \n\t\t\t\t\t\t\thref=\"https:\/\/lignoplan.com\/wordpress_9\/vorschau-fuer-das-wochenende-14-15-09-2019\/\" rel=\"bookmark\">Vorschau f\u00fcr das Wochenende 14.\/15.09.2019:\t\t\t\t\t\t<\/a>\n\t\t\t\t\t\t\t\t\t\t\t<p class=\"post-author cat-post-author\">\n\t\t\t\t\t\t\tvon\n                            <a href=\"https:\/\/lignoplan.com\/wordpress_9\/author\/kb\/\" title=\"Beitr\u00e4ge von Klaus Berger\" rel=\"author\">Klaus Berger<\/a>\t\t\t\t\t\t<\/p>\n\t\t\t\t\t\t\t\t\t<\/li>\n\t\t\t\t<\/ul>\n<\/div><\/div><\/div><div id=\"panel-4855-0-0-1\" class=\"so-panel widget widget_bvg-block\" data-index=\"1\" ><div class=\"not_editable bvg_block bvg_block_foto panel-widget-style panel-widget-style-for-4855-0-0-1\" ><div\n\t\t\t\n\t\t\tclass=\"so-widget-bvg-block so-widget-bvg-block-base\"\n\t\t\t\n\t\t>\n\n<div class=\"siteorigin-widget-tinymce textwidget\">\n\t<div class=\"bvg_block mannschaft_foto\" id=\"mannschaft_foto\">\n\n\t\t<h1>Foto<\/h1>\n\n\t\t<h3><\/h3>\n\n\t\t<p><a href=\"http:\/\/lignoplan.com\/wordpress_d\/wp-content\/uploads\/2019\/09\/j3.jpg\"><img loading=\"lazy\" decoding=\"async\" class=\"size-medium wp-image-4956\" src=\"http:\/\/lignoplan.com\/wordpress_d\/wp-content\/uploads\/2019\/09\/j3-300x227.jpg\" alt=\"\" width=\"300\" height=\"227\" srcset=\"https:\/\/lignoplan.com\/wordpress_9\/wp-content\/uploads\/2019\/09\/j3-300x227.jpg 300w, https:\/\/lignoplan.com\/wordpress_9\/wp-content\/uploads\/2019\/09\/j3-768x580.jpg 768w, https:\/\/lignoplan.com\/wordpress_9\/wp-content\/uploads\/2019\/09\/j3.jpg 800w\" sizes=\"auto, (max-width: 300px) 100vw, 300px\" \/><\/a><\/p>\n<p>Christian, Cornelius, Johannes, Vicky, Nicolai, Luna, Tim (von links nach rechts)<\/p>\n<ul>\n<li class=\"li_head\" style=\"font-weight: bold;\">Stammspieler<\/li>\n<li>Kl\u00f6ppel, Nicolai<\/li>\n<li>Werner, Johannes<\/li>\n<li>Monjau, Cornelius<\/li>\n<li>Gilmer, Tim<\/li>\n<li>L\u00f6ffler, Christian<\/li>\n<li>Hoferer Max<\/li>\n<li>Eizenh\u00f6fer, Emilia<\/li>\n<li>Dorier, Luna<\/li>\n<li>Hornung, Amelie<\/li>\n<li>Dorier, Vicky<\/li>\n<\/ul>\n\t<\/div>\n<\/div>\n<\/div><\/div><\/div><div id=\"panel-4855-0-0-2\" class=\"so-panel widget widget_bvg-block panel-last-child\" data-index=\"2\" ><div\n\t\t\t\n\t\t\tclass=\"so-widget-bvg-block so-widget-bvg-block-base\"\n\t\t\t\n\t\t>\n\n<div class=\"siteorigin-widget-tinymce textwidget\">\n\t<div class=\"bvg_block mannschaft_slideshow\" id=\"mannschaft_slideshow\">\n\n\t\t<h1>Slideshow<\/h1>\n\n\t\t<h3><\/h3>\n\n\t\t\t<\/div>\n<\/div>\n<\/div><\/div><\/div><\/div><\/div>","protected":false},"excerpt":{"rendered":"<p>Was f\u00fcr ein Krimi ! von Laurent Dorier 3. Jugendmannschaft verliert in Hofheim von Martin K\u00f6hler Leider&#8230; immer noch nicht&#8230; ^^ von Laurent Dorier 3. Jugend verliert gegen Spitzenreiter unter Wert von Martin K\u00f6hler 3. Jugendmannschaft bleibt ohne Punkte von Martin K\u00f6hler 3. Jugendmannschaft verpasst Remis in Rodgau von Martin K\u00f6hler Saisonstart f\u00fcr die 3. [&hellip;]<\/p>\n","protected":false},"author":13,"featured_media":0,"parent":0,"menu_order":0,"comment_status":"closed","ping_status":"closed","template":"","meta":{"_acf_changed":false,"_monsterinsights_skip_tracking":false,"_monsterinsights_sitenote_active":false,"_monsterinsights_sitenote_note":"","_monsterinsights_sitenote_category":0,"ngg_post_thumbnail":0,"footnotes":""},"class_list":["post-4855","page","type-page","status-publish","hentry","post"],"acf":[],"_links":{"self":[{"href":"https:\/\/lignoplan.com\/wordpress_9\/wp-json\/wp\/v2\/pages\/4855","targetHints":{"allow":["GET"]}}],"collection":[{"href":"https:\/\/lignoplan.com\/wordpress_9\/wp-json\/wp\/v2\/pages"}],"about":[{"href":"https:\/\/lignoplan.com\/wordpress_9\/wp-json\/wp\/v2\/types\/page"}],"author":[{"embeddable":true,"href":"https:\/\/lignoplan.com\/wordpress_9\/wp-json\/wp\/v2\/users\/13"}],"replies":[{"embeddable":true,"href":"https:\/\/lignoplan.com\/wordpress_9\/wp-json\/wp\/v2\/comments?post=4855"}],"version-history":[{"count":9,"href":"https:\/\/lignoplan.com\/wordpress_9\/wp-json\/wp\/v2\/pages\/4855\/revisions"}],"predecessor-version":[{"id":6615,"href":"https:\/\/lignoplan.com\/wordpress_9\/wp-json\/wp\/v2\/pages\/4855\/revisions\/6615"}],"wp:attachment":[{"href":"https:\/\/lignoplan.com\/wordpress_9\/wp-json\/wp\/v2\/media?parent=4855"}],"curies":[{"name":"wp","href":"https:\/\/api.w.org\/{rel}","templated":true}]}}