{"id":1365,"date":"2016-06-23T13:54:42","date_gmt":"2016-06-23T13:54:42","guid":{"rendered":"http:\/\/lignoplan.com\/wordpress_d\/?page_id=1365"},"modified":"2025-09-08T06:31:09","modified_gmt":"2025-09-08T06:31:09","slug":"vorstand-kontakt","status":"publish","type":"page","link":"https:\/\/lignoplan.com\/wordpress_9\/vorstand-kontakt\/","title":{"rendered":"Vorstand \/ Kontakt"},"content":{"rendered":"<div id=\"pl-1365\"  class=\"panel-layout\" ><div id=\"pg-1365-0\"  class=\"panel-grid panel-no-style\" ><div id=\"pgc-1365-0-0\"  class=\"panel-grid-cell\" ><div id=\"panel-1365-0-0-0\" class=\"so-panel widget widget_bvg-block panel-first-child\" data-index=\"0\" ><div\n\t\t\t\n\t\t\tclass=\"so-widget-bvg-block so-widget-bvg-block-base\"\n\t\t\t\n\t\t>\n\n<div class=\"siteorigin-widget-tinymce textwidget\">\n\t<div class=\"bvg_block \" id=\"\">\n\n\t\t<h1>gesch\u00e4ftsf\u00fchrender Vorstand gem\u00e4\u00df \u00a7 26 BGB<\/h1>\n\n\t\t<h3><\/h3>\n\n\t\t<div id=\"bvg_vorstand\">\n<div class=\"person_block\">\n<h2>1. Vorsitzender<\/h2>\n<div class=\"person_photo\"><img loading=\"lazy\" decoding=\"async\" class=\"alignnone size-full wp-image-1551\" src=\"http:\/\/lignoplan.com\/wordpress_9\/wp-content\/uploads\/2016\/09\/pit.jpg\" alt=\"pit\" width=\"142\" height=\"300\"\/><\/div>\n<ul>\n<li class=\"person_name\">Hans-Peter Schmitt<\/li>\n<li class=\"person_email\">Email: <img loading=\"lazy\" decoding=\"async\" class=\"alignnone size-full wp-image-1357\" style=\"margin-bottom: -5px;\" src=\"http:\/\/lignoplan.com\/wordpress_9\/wp-content\/uploads\/2016\/06\/email_hp_schmitt.png\" alt=\"Hans Peter Schmitt\" width=\"123\" height=\"22\"\/><\/li>\n<li class=\"person_tel\">Tel: <img loading=\"lazy\" decoding=\"async\" class=\"alignnone size-full wp-image-1357\" style=\"margin-bottom: 0;\" src=\"http:\/\/lignoplan.com\/wordpress_9\/wp-content\/uploads\/2016\/06\/tel_hp_schmitt.png\" alt=\"Hans Peter Schmitt\" width=\"128\" height=\"22\"\/><\/li>\n<\/ul>\n<\/div>\n<div class=\"person_block\">\n<h2>stv. Vorsitzender<\/h2>\n<div class=\"person_photo\"><img loading=\"lazy\" decoding=\"async\" class=\"alignnone size-full wp-image-947\" src=\"http:\/\/lignoplan.com\/wordpress_9\/wp-content\/uploads\/2017\/04\/heike_r.jpg\" alt=\"Heike Roither\" width=\"142\" height=\"190\"\/><\/div>\n<ul>\n<li class=\"person_name\">Heike Roither<\/li>\n<li class=\"person_email\">Email: <img loading=\"lazy\" decoding=\"async\" class=\"alignnone size-full wp-image-1357\" style=\"margin-bottom: -5px;\" src=\"http:\/\/lignoplan.com\/wordpress_9\/wp-content\/uploads\/2016\/06\/email_hr_roither.png\" alt=\"Heike Roither\" width=\"175\" height=\"22\"\/><\/li>\n<li class=\"person_tel\">Tel: <img loading=\"lazy\" decoding=\"async\" class=\"alignnone size-full wp-image-1357\" style=\"margin-bottom: 0;\" src=\"http:\/\/lignoplan.com\/wordpress_9\/wp-content\/uploads\/2016\/06\/tel_hr_roither.png\" alt=\"Heike Roither\" width=\"108\" height=\"22\"\/><\/li>\n<\/ul>\n<\/div>\n<div class=\"person_block_last\">\n<h2>Schatzmeister<\/h2>\n<div class=\"person_photo\"><img decoding=\"async\" class=\"alignnone size-full wp-image-9653\" src=\"https:\/\/lignoplan.com\/wordpress_9\/wp-content\/uploads\/2025\/09\/Werner-fuer-BVG-208x300.jpg\" alt=\"\" width=\"142\" srcset=\"https:\/\/lignoplan.com\/wordpress_9\/wp-content\/uploads\/2025\/09\/Werner-fuer-BVG-208x300.jpg 208w, https:\/\/lignoplan.com\/wordpress_9\/wp-content\/uploads\/2025\/09\/Werner-fuer-BVG-104x150.jpg 104w, https:\/\/lignoplan.com\/wordpress_9\/wp-content\/uploads\/2025\/09\/Werner-fuer-BVG.jpg 292w\" sizes=\"(max-width: 208px) 100vw, 208px\" \/><\/div>\n<ul>\n<li class=\"person_name\">Werner Nebel<\/li>\n<li class=\"person_email\">Email: <img decoding=\"async\" class=\"alignnone size-full wp-image-1357\" style=\"margin-bottom: -5px;\" src=\"http:\/\/lignoplan.com\/wordpress_9\/wp-content\/uploads\/2025\/08\/wn_email.png\" alt=\"Werner Nebel\" height=\"22\"\/><\/li>\n<li class=\"person_tel\">Tel: <img loading=\"lazy\" decoding=\"async\" src=\"https:\/\/lignoplan.com\/wordpress_9\/wp-content\/uploads\/2025\/09\/werner_tel.png\" alt=\"\" width=\"178\" height=\"38\" class=\"alignnone size-full wp-image-9656\" alt=\"Werner Nebel\" srcset=\"https:\/\/lignoplan.com\/wordpress_9\/wp-content\/uploads\/2025\/09\/werner_tel.png 178w, https:\/\/lignoplan.com\/wordpress_9\/wp-content\/uploads\/2025\/09\/werner_tel-150x32.png 150w\" sizes=\"auto, (max-width: 178px) 100vw, 178px\" \/><\/li>\n<\/ul>\n<\/div>\n<\/div>\n\t<\/div>\n<\/div>\n<\/div><\/div><div id=\"panel-1365-0-0-1\" class=\"so-panel widget widget_bvg-block panel-last-child\" data-index=\"1\" ><div\n\t\t\t\n\t\t\tclass=\"so-widget-bvg-block so-widget-bvg-block-base\"\n\t\t\t\n\t\t>\n\n<div class=\"siteorigin-widget-tinymce textwidget\">\n\t<div class=\"bvg_block \" id=\"\">\n\n\t\t<h1>erweiterter Vorstand<\/h1>\n\n\t\t<h3><\/h3>\n\n\t\t<div id=\"bvg_vorstand\">\n<div class=\"person_block\">\n<h2>Finanzreferent<\/h2>\n<div class=\"person_photo\"><img decoding=\"async\" src=\"https:\/\/lignoplan.com\/wordpress_9\/wp-content\/uploads\/2025\/09\/Werner-fuer-BVG-208x300.jpg\" alt=\"\" width=\"142\" class=\"alignnone size-full wp-image-9653\" srcset=\"https:\/\/lignoplan.com\/wordpress_9\/wp-content\/uploads\/2025\/09\/Werner-fuer-BVG-208x300.jpg 208w, https:\/\/lignoplan.com\/wordpress_9\/wp-content\/uploads\/2025\/09\/Werner-fuer-BVG-104x150.jpg 104w, https:\/\/lignoplan.com\/wordpress_9\/wp-content\/uploads\/2025\/09\/Werner-fuer-BVG.jpg 292w\" sizes=\"(max-width: 208px) 100vw, 208px\" \/><\/div>\n<ul>\n<li class=\"person_name\">Werner Nebel<\/li>\n<li class=\"person_email\">Email: <img decoding=\"async\" class=\"alignnone size-full wp-image-1357\" style=\"margin-bottom: -5px;\" src=\"http:\/\/lignoplan.com\/wordpress_9\/wp-content\/uploads\/2025\/08\/wn_email.png\" alt=\"Werner Nebel\" height=\"22\"\/><\/li>\n<li class=\"person_tel\">Tel: <img loading=\"lazy\" decoding=\"async\" src=\"https:\/\/lignoplan.com\/wordpress_9\/wp-content\/uploads\/2025\/09\/werner_tel.png\" alt=\"\" width=\"178\" height=\"38\" class=\"alignnone size-full wp-image-9656\" alt=\"Werner Nebel\" srcset=\"https:\/\/lignoplan.com\/wordpress_9\/wp-content\/uploads\/2025\/09\/werner_tel.png 178w, https:\/\/lignoplan.com\/wordpress_9\/wp-content\/uploads\/2025\/09\/werner_tel-150x32.png 150w\" sizes=\"auto, (max-width: 178px) 100vw, 178px\" \/><\/li>\n<\/ul>\n<\/div>\n<div class=\"person_block\">\n<h2>Finanzreferent<\/h2>\n<div class=\"person_photo\"><img loading=\"lazy\" decoding=\"async\" class=\"alignnone size-full wp-image-947\" src=\"http:\/\/lignoplan.com\/wordpress_9\/wp-content\/uploads\/2016\/04\/avatar_missing.png\" alt=\"avatar_missing\" width=\"142\" height=\"190\"\/><\/div>\n<ul>\n<li class=\"person_name\">Iveta Franz<\/li>\n<li class=\"person_email\">Email: <img loading=\"lazy\" decoding=\"async\" class=\"alignnone size-full wp-image-1357\" style=\"margin-bottom: -5px;\" src=\"http:\/\/lignoplan.com\/wordpress_9\/wp-content\/uploads\/2016\/06\/email_i_franz.png\" alt=\"Iveta Franz\" width=\"182\" height=\"22\"\/><\/li>\n<li class=\"person_tel\">Tel: <img loading=\"lazy\" decoding=\"async\" class=\"alignnone size-full wp-image-1357\" style=\"margin-bottom: 0;\" src=\"http:\/\/lignoplan.com\/wordpress_9\/wp-content\/uploads\/2016\/06\/tel_i_franz.png\" alt=\"Iveta Franz\" width=\"119\" height=\"22\"\/><\/li>\n<\/ul>\n<\/div>\n<div class=\"person_block\">\n<h2>Sportwart<\/h2>\n<div class=\"person_photo\"><img decoding=\"async\" class=\"alignnone size-full wp-image-947\" src=\"http:\/\/lignoplan.com\/wordpress_9\/wp-content\/uploads\/2016\/06\/head_klaus_berger.jpg\" alt=\"Klaus Berger\" width=\"142\"\/><\/div>\n<ul>\n<li class=\"person_name\">Klaus Berger<\/li>\n<li class=\"person_email\">Email: <img loading=\"lazy\" decoding=\"async\" class=\"alignnone size-full wp-image-1357\" style=\"margin-bottom: -5px;\" src=\"http:\/\/lignoplan.com\/wordpress_9\/wp-content\/uploads\/2016\/06\/email_k_berger.png\" alt=\"Klaus Berger\" width=\"193\" height=\"22\"\/><\/li>\n<li class=\"person_tel\">Tel: <img loading=\"lazy\" decoding=\"async\" class=\"alignnone size-full wp-image-1357\" style=\"margin-bottom: 0;\" src=\"http:\/\/lignoplan.com\/wordpress_9\/wp-content\/uploads\/2016\/06\/tel_k_berger.png\" alt=\"Klaus Berger\" width=\"110\" height=\"22\"\/><\/li>\n<\/ul>\n<\/div>\n<div class=\"person_block\">\n<h2>Sportwart<\/h2>\n<div class=\"person_photo\"><img loading=\"lazy\" decoding=\"async\" class=\"alignnone size-full wp-image-947\" src=\"http:\/\/lignoplan.com\/wordpress_9\/wp-content\/uploads\/2017\/03\/thomas_belle.jpg\" alt=\"avatar_missing\" width=\"142\" height=\"190\"\/><\/div>\n<ul>\n<li class=\"person_name\">Thomas Belle<\/li>\n<li class=\"person_email\">Email: <img loading=\"lazy\" decoding=\"async\" class=\"alignnone size-full wp-image-1357\" style=\"margin-bottom: -5px;\" src=\"http:\/\/lignoplan.com\/wordpress_9\/wp-content\/uploads\/2016\/06\/email_t_belle.png\" alt=\"Thomas Belle\" width=\"205\" height=\"22\"\/><\/li>\n<li class=\"person_tel\">Tel: <img loading=\"lazy\" decoding=\"async\" class=\"alignnone size-full wp-image-1357\" style=\"margin-bottom: 0;\" src=\"http:\/\/lignoplan.com\/wordpress_9\/wp-content\/uploads\/2016\/06\/tel_t_belle.png\" alt=\"Thomas Belle\" width=\"129\" height=\"22\"\/><\/li>\n<\/ul>\n<\/div>\n<div class=\"person_block\">\n<h2>Jugendwart<\/h2>\n<div class=\"person_photo\"><img loading=\"lazy\" decoding=\"async\" class=\"alignnone size-full wp-image-947\" src=\"http:\/\/lignoplan.com\/wordpress_9\/wp-content\/uploads\/2016\/04\/avatar_missing.png\" alt=\"avatar_missing\" width=\"142\" height=\"190\"\/><\/div>\n<ul>\n<li class=\"person_name\">N\/A<\/li>\n<li class=\"person_email\"><!--Email: <img loading=\"lazy\" decoding=\"async\" class=\"alignnone size-full wp-image-1357\" style=\"margin-bottom: -5px;\" src=\"http:\/\/lignoplan.com\/wordpress_9\/wp-content\/uploads\/2016\/06\/email_m_koehler.png\" alt=\"Martin K\u00f6hler\" width=\"109\" height=\"22\" \/>--><\/li>\n<li class=\"person_tel\"><!--Tel: <img loading=\"lazy\" decoding=\"async\" class=\"alignnone size-full wp-image-1357\" style=\"margin-bottom: 0;\" src=\"http:\/\/lignoplan.com\/wordpress_9\/wp-content\/uploads\/2016\/06\/tel_m_koehler.png\" alt=\"Martin K\u00f6hler\" width=\"129\" height=\"22\" \/>--><\/li>\n<\/ul>\n<\/div>\n<div class=\"person_block\">\n<h2>Pressewart<\/h2>\n<div class=\"person_photo\"><img loading=\"lazy\" decoding=\"async\" class=\"alignnone size-full wp-image-947\" src=\"http:\/\/lignoplan.com\/wordpress_9\/wp-content\/uploads\/2016\/04\/avatar_missing.png\" alt=\"avatar_missing\" width=\"142\" height=\"190\"\/><\/div>\n<ul>\n<li class=\"person_name\">Helmut Messer<\/li>\n<li class=\"person_email\">Email: <img loading=\"lazy\" decoding=\"async\" class=\"alignnone size-full wp-image-1357\" style=\"margin-bottom: -5px;\" src=\"http:\/\/lignoplan.com\/wordpress_9\/wp-content\/uploads\/2016\/06\/email_h_messer.png\" alt=\"Helmut Messer\" width=\"195\" height=\"22\"\/><\/li>\n<li class=\"person_tel\">Tel: <img loading=\"lazy\" decoding=\"async\" class=\"alignnone size-full wp-image-1357\" style=\"margin-bottom: 0;\" src=\"http:\/\/lignoplan.com\/wordpress_9\/wp-content\/uploads\/2016\/06\/tel_h_messer.png\" alt=\"Helmut Messer\" width=\"129\" height=\"22\"\/><\/li>\n<\/ul>\n<\/div>\n<div class=\"person_block\">\n<h2>Schriftf\u00fchrerin<\/h2>\n<div class=\"person_photo\"><img loading=\"lazy\" decoding=\"async\" class=\"alignnone size-full wp-image-947\" src=\"http:\/\/lignoplan.com\/wordpress_9\/wp-content\/uploads\/2016\/04\/avatar_missing.png\" alt=\"avatar_missing\" width=\"142\" height=\"190\"\/><\/div>\n<ul>\n<li class=\"person_name\">Jutta Spielmann<\/li>\n<li class=\"person_email\">Email: <img loading=\"lazy\" decoding=\"async\" class=\"alignnone size-full wp-image-1357\" style=\"margin-bottom: -5px;\" src=\"http:\/\/lignoplan.com\/wordpress_9\/wp-content\/uploads\/2016\/06\/email_j_spielmann.png\" alt=\"Jutta Spielmann\" width=\"201\" height=\"22\"\/><\/li>\n<li class=\"person_tel\">Tel: <img loading=\"lazy\" decoding=\"async\" class=\"alignnone size-full wp-image-1357\" style=\"margin-bottom: 0;\" src=\"http:\/\/lignoplan.com\/wordpress_9\/wp-content\/uploads\/2016\/06\/tel_t_spielmann.png\" alt=\"Jutta Spielmann\" width=\"129\" height=\"22\"\/><\/li>\n<\/ul>\n<\/div>\n<div class=\"person_block\">\n<h2>Mitgliederverwaltung<\/h2>\n<div class=\"person_photo\"><img loading=\"lazy\" decoding=\"async\" class=\"alignnone size-full wp-image-947\" src=\"http:\/\/lignoplan.com\/wordpress_9\/wp-content\/uploads\/2016\/04\/avatar_missing.png\" alt=\"avatar_missing\" width=\"142\" height=\"190\"\/><\/div>\n<ul>\n<li class=\"person_name\">Christine Berger<\/li>\n<li class=\"person_email\">Email: <img loading=\"lazy\" decoding=\"async\" class=\"alignnone size-full wp-image-1357\" style=\"margin-bottom: -5px;\" src=\"http:\/\/lignoplan.com\/wordpress_9\/wp-content\/uploads\/2016\/06\/email_k_berger.png\" alt=\"Christine Berger\" width=\"193\" height=\"22\"\/><\/li>\n<li class=\"person_tel\">Tel: <img loading=\"lazy\" decoding=\"async\" class=\"alignnone size-full wp-image-1357\" style=\"margin-bottom: 0;\" src=\"http:\/\/lignoplan.com\/wordpress_9\/wp-content\/uploads\/2016\/06\/tel_k_berger.png\" alt=\"Christine Berger\" width=\"110\" height=\"22\"\/><\/li>\n<\/ul>\n<\/div>\n<div class=\"person_block_last\">\n<h2>Webmaster<\/h2>\n<div class=\"person_photo\"><img decoding=\"async\" class=\"alignnone size-full wp-image-947\" src=\"http:\/\/lignoplan.com\/wordpress_9\/wp-content\/uploads\/2016\/09\/ma-pomme_mini.jpg\" alt=\"Laurent Dorier\" width=\"142\"\/><\/div>\n<ul>\n<li class=\"person_name\">Laurent Dorier<\/li>\n<li class=\"person_email\">Email: <img loading=\"lazy\" decoding=\"async\" class=\"alignnone size-full wp-image-1357\" style=\"margin-bottom: -5px;\" src=\"http:\/\/lignoplan.com\/wordpress_9\/wp-content\/uploads\/2016\/06\/email_l_dorier.png\" alt=\"Laurent Dorier\" width=\"176\" height=\"22\"\/><\/li>\n<li class=\"person_tel\">Tel: <img loading=\"lazy\" decoding=\"async\" class=\"alignnone size-full wp-image-1357\" style=\"margin-bottom: 0;\" src=\"http:\/\/lignoplan.com\/wordpress_9\/wp-content\/uploads\/2016\/06\/tel_l_dorier.png\" alt=\"Laurent Dorier\" width=\"139\" height=\"22\"\/><\/li>\n<\/ul>\n<\/div>\n<\/div>\n\t<\/div>\n<\/div>\n<\/div><\/div><\/div><\/div><\/div>","protected":false},"excerpt":{"rendered":"<p>gesch\u00e4ftsf\u00fchrender Vorstand gem\u00e4\u00df \u00a7 26 BGB 1. Vorsitzender Hans-Peter Schmitt Email: Tel: stv. Vorsitzender Heike Roither Email: Tel: Schatzmeister Werner Nebel Email: Tel: erweiterter Vorstand Finanzreferent Werner Nebel Email: Tel: Finanzreferent Iveta Franz Email: Tel: Sportwart Klaus Berger Email: Tel: Sportwart Thomas Belle Email: Tel: Jugendwart N\/A Pressewart Helmut Messer Email: Tel: Schriftf\u00fchrerin Jutta Spielmann [&hellip;]<\/p>\n","protected":false},"author":13,"featured_media":0,"parent":0,"menu_order":0,"comment_status":"closed","ping_status":"closed","template":"","meta":{"_acf_changed":false,"_monsterinsights_skip_tracking":false,"_monsterinsights_sitenote_active":false,"_monsterinsights_sitenote_note":"","_monsterinsights_sitenote_category":0,"ngg_post_thumbnail":0,"footnotes":""},"class_list":["post-1365","page","type-page","status-publish","hentry","post"],"acf":[],"_links":{"self":[{"href":"https:\/\/lignoplan.com\/wordpress_9\/wp-json\/wp\/v2\/pages\/1365","targetHints":{"allow":["GET"]}}],"collection":[{"href":"https:\/\/lignoplan.com\/wordpress_9\/wp-json\/wp\/v2\/pages"}],"about":[{"href":"https:\/\/lignoplan.com\/wordpress_9\/wp-json\/wp\/v2\/types\/page"}],"author":[{"embeddable":true,"href":"https:\/\/lignoplan.com\/wordpress_9\/wp-json\/wp\/v2\/users\/13"}],"replies":[{"embeddable":true,"href":"https:\/\/lignoplan.com\/wordpress_9\/wp-json\/wp\/v2\/comments?post=1365"}],"version-history":[{"count":35,"href":"https:\/\/lignoplan.com\/wordpress_9\/wp-json\/wp\/v2\/pages\/1365\/revisions"}],"predecessor-version":[{"id":9657,"href":"https:\/\/lignoplan.com\/wordpress_9\/wp-json\/wp\/v2\/pages\/1365\/revisions\/9657"}],"wp:attachment":[{"href":"https:\/\/lignoplan.com\/wordpress_9\/wp-json\/wp\/v2\/media?parent=1365"}],"curies":[{"name":"wp","href":"https:\/\/api.w.org\/{rel}","templated":true}]}}