{"id":1090,"date":"2016-04-25T09:20:58","date_gmt":"2016-04-25T09:20:58","guid":{"rendered":"http:\/\/lignoplan.com\/wordpress_d\/?page_id=1090"},"modified":"2016-04-25T09:20:58","modified_gmt":"2016-04-25T09:20:58","slug":"mini-4-u11-20152016","status":"publish","type":"page","link":"https:\/\/lignoplan.com\/wordpress_9\/mini-4-u11-20152016\/","title":{"rendered":"Mini 4 U11 2015\/2016"},"content":{"rendered":"<div id=\"mannschaft_allgemein\" class=\"bvg_block\">\n<h1>Saison 2015\/2016<\/h1>\n<div class=\"team_photo\"><\/div>\n<div id=\"team_photo_members\"><\/div>\n<h2>Mannschaftsspieler<\/h2>\n<h3>Herren<\/h3>\n<ul>\n<li class=\"bvg_stamm\"><a href=\"player.aspx?id=202E29D6-0A3A-4769-9CCC-3F540EB6D56F&amp;player=6254\">Karpf, Kilian<\/a><\/li>\n<li class=\"bvg_stamm\"><a href=\"player.aspx?id=202E29D6-0A3A-4769-9CCC-3F540EB6D56F&amp;player=6256\">Hoferer-Martinez, Maximilian<\/a><\/li>\n<li class=\"bvg_ersatz\"><a href=\"player.aspx?id=202E29D6-0A3A-4769-9CCC-3F540EB6D56F&amp;player=6282\">Dripke, Alexander<\/a><\/li>\n<li class=\"bvg_ersatz\"><a href=\"player.aspx?id=202E29D6-0A3A-4769-9CCC-3F540EB6D56F&amp;player=6255\">Uhl, Leon<\/a><\/li>\n<\/ul>\n<h3>Damen<\/h3>\n<ul>\n<li class=\"bvg_stamm\"><a href=\"player.aspx?id=202E29D6-0A3A-4769-9CCC-3F540EB6D56F&amp;player=6273\">Arpert, Tracy-Joanne<\/a><\/li>\n<li class=\"bvg_stamm\"><a href=\"player.aspx?id=202E29D6-0A3A-4769-9CCC-3F540EB6D56F&amp;player=6283\">Poomshusit, Priyawadi<\/a><\/li>\n<li class=\"bvg_ersatz\"><a href=\"player.aspx?id=202E29D6-0A3A-4769-9CCC-3F540EB6D56F&amp;player=6284\">Dorier, Vicky<\/a><\/li>\n<li class=\"bvg_ersatz\"><a href=\"player.aspx?id=202E29D6-0A3A-4769-9CCC-3F540EB6D56F&amp;player=6285\">Spatz, Sophie<\/a><\/li>\n<\/ul>\n<\/div>\n<div id=\"mannschaft_berichte\" class=\"bvg_block\">HALBZEIT-BILANZ:<\/p>\n<p>Leider sind die MInis U11-2 noch das einzige Team der BVG ohne Punktgewinn. Die Youngster mussten in der Hinrunde bisher kr\u00e4ftig Lehrgel zahlen. Bleibt zu hoffen, dass das Team in der R\u00fcckrunde den Kopf nicht h\u00e4ngen l\u00e4sst.<\/p><\/div>\n<div id=\"mannschaft_tabelle\" class=\"bvg_block\">\n<h1>Tabelle<\/h1>\n<h1><a href=\"draw.aspx?id=202E29D6-0A3A-4769-9CCC-3F540EB6D56F&#038;draw=38\">U11 Miniklasse FR &#8211; U11 Miniklasse FR 2<\/a><\/h1>\n<table class=\"ruler\">\n<thead>\n<tr class=\"poulestandings\">\n<td><\/td>\n<td><\/td>\n<td>gespielt<\/td>\n<td colspan=\"3\">Punkte<\/td>\n<td>GEW<\/td>\n<td>REM<\/td>\n<td>VER<\/td>\n<td colspan=\"3\">Spiele<\/td>\n<td colspan=\"3\">S\u00e4tze<\/td>\n<td colspan=\"3\">Spielpunkte<\/td>\n<\/tr>\n<\/thead>\n<tbody>\n<tr>\n<td class=\"standingsrank\">1<\/td>\n<td><a href=\"\/sport\/team.aspx?id=202E29D6-0A3A-4769-9CCC-3F540EB6D56F&#038;team=241\">SG TGU\/TG H\u00f6chst M1<\/a><\/td>\n<td align=\"center\">8<\/td>\n<td class=\"score\" align=\"right\">14<\/td>\n<td class=\"separator\" align=\"center\">:<\/td>\n<td class=\"score\" align=\"left\">2<\/td>\n<td align=\"center\">7<\/td>\n<td align=\"center\">0<\/td>\n<td align=\"center\">1<\/td>\n<td class=\"score\" align=\"right\">42<\/td>\n<td class=\"separator\" align=\"center\">:<\/td>\n<td class=\"score\" align=\"left\">6<\/td>\n<td class=\"score\" align=\"right\">86<\/td>\n<td class=\"separator\" align=\"center\">:<\/td>\n<td class=\"score\" align=\"left\">13<\/td>\n<td class=\"score\" align=\"right\">2054<\/td>\n<td class=\"separator\" align=\"center\">:<\/td>\n<td class=\"score\" align=\"left\">710<\/td>\n<\/tr>\n<tr>\n<td class=\"standingsrank\">2<\/td>\n<td><a href=\"\/sport\/team.aspx?id=202E29D6-0A3A-4769-9CCC-3F540EB6D56F&#038;team=239\">SV Fun-Ball Dortelweil M2<\/a><\/td>\n<td align=\"center\">8<\/td>\n<td class=\"score\" align=\"right\">14<\/td>\n<td class=\"separator\" align=\"center\">:<\/td>\n<td class=\"score\" align=\"left\">2<\/td>\n<td align=\"center\">7<\/td>\n<td align=\"center\">0<\/td>\n<td align=\"center\">1<\/td>\n<td class=\"score\" align=\"right\">42<\/td>\n<td class=\"separator\" align=\"center\">:<\/td>\n<td class=\"score\" align=\"left\">6<\/td>\n<td class=\"score\" align=\"right\">85<\/td>\n<td class=\"separator\" align=\"center\">:<\/td>\n<td class=\"score\" align=\"left\">14<\/td>\n<td class=\"score\" align=\"right\">2021<\/td>\n<td class=\"separator\" align=\"center\">:<\/td>\n<td class=\"score\" align=\"left\">1198<\/td>\n<\/tr>\n<tr>\n<td class=\"standingsrank\">3<\/td>\n<td><a href=\"\/sport\/team.aspx?id=202E29D6-0A3A-4769-9CCC-3F540EB6D56F&#038;team=242\">BV Frankfurt 06 M3<\/a><\/td>\n<td align=\"center\">8<\/td>\n<td class=\"score\" align=\"right\">6<\/td>\n<td class=\"separator\" align=\"center\">:<\/td>\n<td class=\"score\" align=\"left\">10<\/td>\n<td align=\"center\">3<\/td>\n<td align=\"center\">0<\/td>\n<td align=\"center\">5<\/td>\n<td class=\"score\" align=\"right\">18<\/td>\n<td class=\"separator\" align=\"center\">:<\/td>\n<td class=\"score\" align=\"left\">30<\/td>\n<td class=\"score\" align=\"right\">40<\/td>\n<td class=\"separator\" align=\"center\">:<\/td>\n<td class=\"score\" align=\"left\">66<\/td>\n<td class=\"score\" align=\"right\">1394<\/td>\n<td class=\"separator\" align=\"center\">:<\/td>\n<td class=\"score\" align=\"left\">1892<\/td>\n<\/tr>\n<tr>\n<td class=\"standingsrank\">4<\/td>\n<td><a href=\"\/sport\/team.aspx?id=202E29D6-0A3A-4769-9CCC-3F540EB6D56F&#038;team=240\">TSG Erlensee M3<\/a><\/td>\n<td align=\"center\">8<\/td>\n<td class=\"score\" align=\"right\">6<\/td>\n<td class=\"separator\" align=\"center\">:<\/td>\n<td class=\"score\" align=\"left\">10<\/td>\n<td align=\"center\">3<\/td>\n<td align=\"center\">0<\/td>\n<td align=\"center\">5<\/td>\n<td class=\"score\" align=\"right\">16<\/td>\n<td class=\"separator\" align=\"center\">:<\/td>\n<td class=\"score\" align=\"left\">32<\/td>\n<td class=\"score\" align=\"right\">33<\/td>\n<td class=\"separator\" align=\"center\">:<\/td>\n<td class=\"score\" align=\"left\">67<\/td>\n<td class=\"score\" align=\"right\">1199<\/td>\n<td class=\"separator\" align=\"center\">:<\/td>\n<td class=\"score\" align=\"left\">1793<\/td>\n<\/tr>\n<tr class=\"selected\">\n<td class=\"standingsrank\">5<\/td>\n<td><a href=\"\/sport\/team.aspx?id=202E29D6-0A3A-4769-9CCC-3F540EB6D56F&#038;team=238\">BV G.-Goldbach\/Laufach M4<\/a><\/td>\n<td align=\"center\">8<\/td>\n<td class=\"score\" align=\"right\">0<\/td>\n<td class=\"separator\" align=\"center\">:<\/td>\n<td class=\"score\" align=\"left\">16<\/td>\n<td align=\"center\">0<\/td>\n<td align=\"center\">0<\/td>\n<td align=\"center\">8<\/td>\n<td class=\"score\" align=\"right\">2<\/td>\n<td class=\"separator\" align=\"center\">:<\/td>\n<td class=\"score\" align=\"left\">46<\/td>\n<td class=\"score\" align=\"right\">9<\/td>\n<td class=\"separator\" align=\"center\">:<\/td>\n<td class=\"score\" align=\"left\">93<\/td>\n<td class=\"score\" align=\"right\">1028<\/td>\n<td class=\"separator\" align=\"center\">:<\/td>\n<td class=\"score\" align=\"left\">2103<\/td>\n<\/tr>\n<\/tbody>\n<\/table>\n<\/div>\n<div id=\"mannschaft_slideshow\" class=\"bvg_block hide\"><\/div>\n","protected":false},"excerpt":{"rendered":"<p>Saison 2015\/2016 Mannschaftsspieler Herren Karpf, Kilian Hoferer-Martinez, Maximilian Dripke, Alexander Uhl, Leon Damen Arpert, Tracy-Joanne Poomshusit, Priyawadi Dorier, Vicky Spatz, Sophie HALBZEIT-BILANZ: Leider sind die MInis U11-2 noch das einzige Team der BVG ohne Punktgewinn. Die Youngster mussten in der Hinrunde bisher kr\u00e4ftig Lehrgel zahlen. Bleibt zu hoffen, dass das Team in der R\u00fcckrunde den [&hellip;]<\/p>\n","protected":false},"author":13,"featured_media":0,"parent":0,"menu_order":0,"comment_status":"closed","ping_status":"closed","template":"","meta":{"_acf_changed":false,"_monsterinsights_skip_tracking":false,"_monsterinsights_sitenote_active":false,"_monsterinsights_sitenote_note":"","_monsterinsights_sitenote_category":0,"ngg_post_thumbnail":0,"footnotes":""},"class_list":["post-1090","page","type-page","status-publish","hentry","post"],"acf":[],"_links":{"self":[{"href":"https:\/\/lignoplan.com\/wordpress_9\/wp-json\/wp\/v2\/pages\/1090","targetHints":{"allow":["GET"]}}],"collection":[{"href":"https:\/\/lignoplan.com\/wordpress_9\/wp-json\/wp\/v2\/pages"}],"about":[{"href":"https:\/\/lignoplan.com\/wordpress_9\/wp-json\/wp\/v2\/types\/page"}],"author":[{"embeddable":true,"href":"https:\/\/lignoplan.com\/wordpress_9\/wp-json\/wp\/v2\/users\/13"}],"replies":[{"embeddable":true,"href":"https:\/\/lignoplan.com\/wordpress_9\/wp-json\/wp\/v2\/comments?post=1090"}],"version-history":[{"count":2,"href":"https:\/\/lignoplan.com\/wordpress_9\/wp-json\/wp\/v2\/pages\/1090\/revisions"}],"predecessor-version":[{"id":1146,"href":"https:\/\/lignoplan.com\/wordpress_9\/wp-json\/wp\/v2\/pages\/1090\/revisions\/1146"}],"wp:attachment":[{"href":"https:\/\/lignoplan.com\/wordpress_9\/wp-json\/wp\/v2\/media?parent=1090"}],"curies":[{"name":"wp","href":"https:\/\/api.w.org\/{rel}","templated":true}]}}