{"id":1088,"date":"2016-04-25T09:20:33","date_gmt":"2016-04-25T09:20:33","guid":{"rendered":"http:\/\/lignoplan.com\/wordpress_d\/?page_id=1088"},"modified":"2016-04-25T09:20:33","modified_gmt":"2016-04-25T09:20:33","slug":"mini-3-u11-20152016","status":"publish","type":"page","link":"https:\/\/lignoplan.com\/wordpress_9\/mini-3-u11-20152016\/","title":{"rendered":"Mini 3 U11 2015\/2016"},"content":{"rendered":"<div id=\"mannschaft_allgemein\" class=\"bvg_block\">\n<h1>Saison 2015\/2016<\/h1>\n<div class=\"team_photo\"><\/div>\n<div id=\"team_photo_members\"><\/div>\n<h2>Mannschaftsspieler<\/h2>\n<h3>Herren<\/h3>\n<ul>\n<li class=\"bvg_stamm\"><a target=\"_blank\" href=\"http:\/\/turnier.de\/player.aspx?id=202E29D6-0A3A-4769-9CCC-3F540EB6D56F&amp;player=6252\">Elbert, Jan<\/a><\/li>\n<li class=\"bvg_stamm\"><a target=\"_blank\" href=\"http:\/\/turnier.de\/player.aspx?id=202E29D6-0A3A-4769-9CCC-3F540EB6D56F&amp;player=6253\">Lisson, Niclas<\/a><\/li>\n<li class=\"bvg_ersatz\"><a target=\"_blank\" href=\"http:\/\/turnier.de\/player.aspx?id=202E29D6-0A3A-4769-9CCC-3F540EB6D56F&amp;player=6282\">Dripke, Alexander<\/a><\/li>\n<li class=\"bvg_ersatz\"><a target=\"_blank\" href=\"http:\/\/turnier.de\/player.aspx?id=202E29D6-0A3A-4769-9CCC-3F540EB6D56F&amp;player=6256\">Hoferer-Martinez, Maximilian<\/a><\/li>\n<\/ul>\n<h3>Damen<\/h3>\n<ul>\n<li class=\"bvg_stamm\"><a target=\"_blank\" href=\"http:\/\/turnier.de\/player.aspx?id=202E29D6-0A3A-4769-9CCC-3F540EB6D56F&amp;player=6271\">Bittner, Jette-Thora<\/a><\/li>\n<li class=\"bvg_stamm\"><a target=\"_blank\" href=\"http:\/\/turnier.de\/player.aspx?id=202E29D6-0A3A-4769-9CCC-3F540EB6D56F&amp;player=6272\">Biesterfeldt, Lina<\/a><\/li>\n<li class=\"bvg_ersatz\"><a target=\"_blank\" href=\"http:\/\/turnier.de\/player.aspx?id=202E29D6-0A3A-4769-9CCC-3F540EB6D56F&amp;player=6284\">Dorier, Vicky<\/a><\/li>\n<\/ul>\n<\/div>\n<div id=\"mannschaft_berichte\" class=\"bvg_block\">HALBZEIT-BILANZ:<\/p>\n<p>Die Minis U11-1 mussten richtig lange auf ein Erfolgserlebnis warten. Erst am letzten Spieltag gab es dann den erster Punktgewinn mit dem 3:3 beim Frankfurter BV zu verzeichnen. Die R\u00fcckrunde d\u00fcrfte nicht viel leischter f\u00fcr die Mannschaft werden.<\/p><\/div>\n<div id=\"mannschaft_tabelle\" class=\"bvg_block\">\n<h1>Tabelle<\/h1>\n<h1><a target=\"_blank\" href=\"http:\/\/turnier.de\/draw.aspx?id=202E29D6-0A3A-4769-9CCC-3F540EB6D56F&#038;draw=37\">U11 Miniklasse FR &#8211; U11 Miniklasse FR 1<\/a><\/h1>\n<table class=\"ruler\">\n<thead>\n<tr class=\"poulestandings\">\n<td><\/td>\n<td><\/td>\n<td>gespielt<\/td>\n<td colspan=\"3\">Punkte<\/td>\n<td>GEW<\/td>\n<td>REM<\/td>\n<td>VER<\/td>\n<td colspan=\"3\">Spiele<\/td>\n<td colspan=\"3\">S\u00e4tze<\/td>\n<td colspan=\"3\">Spielpunkte<\/td>\n<\/tr>\n<\/thead>\n<tbody>\n<tr>\n<td class=\"standingsrank\">1<\/td>\n<td><a target=\"_blank\" href=\"http:\/\/turnier.de\/sport\/team.aspx?id=202E29D6-0A3A-4769-9CCC-3F540EB6D56F&#038;team=235\">TV Hofheim M2<\/a><\/td>\n<td align=\"center\">6<\/td>\n<td class=\"score\" align=\"right\">12<\/td>\n<td class=\"separator\" align=\"center\">:<\/td>\n<td class=\"score\" align=\"left\">0<\/td>\n<td align=\"center\">6<\/td>\n<td align=\"center\">0<\/td>\n<td align=\"center\">0<\/td>\n<td class=\"score\" align=\"right\">32<\/td>\n<td class=\"separator\" align=\"center\">:<\/td>\n<td class=\"score\" align=\"left\">4<\/td>\n<td class=\"score\" align=\"right\">65<\/td>\n<td class=\"separator\" align=\"center\">:<\/td>\n<td class=\"score\" align=\"left\">14<\/td>\n<td class=\"score\" align=\"right\">1565<\/td>\n<td class=\"separator\" align=\"center\">:<\/td>\n<td class=\"score\" align=\"left\">793<\/td>\n<\/tr>\n<tr>\n<td class=\"standingsrank\">2<\/td>\n<td><a target=\"_blank\" href=\"http:\/\/turnier.de\/sport\/team.aspx?id=202E29D6-0A3A-4769-9CCC-3F540EB6D56F&#038;team=234\">BV Friedrichsdorf M3<\/a><\/td>\n<td align=\"center\">6<\/td>\n<td class=\"score\" align=\"right\">8<\/td>\n<td class=\"separator\" align=\"center\">:<\/td>\n<td class=\"score\" align=\"left\">4<\/td>\n<td align=\"center\">4<\/td>\n<td align=\"center\">0<\/td>\n<td align=\"center\">2<\/td>\n<td class=\"score\" align=\"right\">22<\/td>\n<td class=\"separator\" align=\"center\">:<\/td>\n<td class=\"score\" align=\"left\">14<\/td>\n<td class=\"score\" align=\"right\">45<\/td>\n<td class=\"separator\" align=\"center\">:<\/td>\n<td class=\"score\" align=\"left\">29<\/td>\n<td class=\"score\" align=\"right\">1213<\/td>\n<td class=\"separator\" align=\"center\">:<\/td>\n<td class=\"score\" align=\"left\">1183<\/td>\n<\/tr>\n<tr class=\"selected\">\n<td class=\"standingsrank\">3<\/td>\n<td><a target=\"_blank\" href=\"http:\/\/turnier.de\/sport\/team.aspx?id=202E29D6-0A3A-4769-9CCC-3F540EB6D56F&#038;team=233\">BV G.-Goldbach\/Laufach M3<\/a><\/td>\n<td align=\"center\">6<\/td>\n<td class=\"score\" align=\"right\">3<\/td>\n<td class=\"separator\" align=\"center\">:<\/td>\n<td class=\"score\" align=\"left\">9<\/td>\n<td align=\"center\">1<\/td>\n<td align=\"center\">1<\/td>\n<td align=\"center\">4<\/td>\n<td class=\"score\" align=\"right\">11<\/td>\n<td class=\"separator\" align=\"center\">:<\/td>\n<td class=\"score\" align=\"left\">25<\/td>\n<td class=\"score\" align=\"right\">27<\/td>\n<td class=\"separator\" align=\"center\">:<\/td>\n<td class=\"score\" align=\"left\">52<\/td>\n<td class=\"score\" align=\"right\">1221<\/td>\n<td class=\"separator\" align=\"center\">:<\/td>\n<td class=\"score\" align=\"left\">1493<\/td>\n<\/tr>\n<tr>\n<td class=\"standingsrank\">4<\/td>\n<td><a target=\"_blank\" href=\"http:\/\/turnier.de\/sport\/team.aspx?id=202E29D6-0A3A-4769-9CCC-3F540EB6D56F&#038;team=237\">BV Frankfurt 06 M2<\/a><\/td>\n<td align=\"center\">6<\/td>\n<td class=\"score\" align=\"right\">1<\/td>\n<td class=\"separator\" align=\"center\">:<\/td>\n<td class=\"score\" align=\"left\">11<\/td>\n<td align=\"center\">0<\/td>\n<td align=\"center\">1<\/td>\n<td align=\"center\">5<\/td>\n<td class=\"score\" align=\"right\">7<\/td>\n<td class=\"separator\" align=\"center\">:<\/td>\n<td class=\"score\" align=\"left\">29<\/td>\n<td class=\"score\" align=\"right\">17<\/td>\n<td class=\"separator\" align=\"center\">:<\/td>\n<td class=\"score\" align=\"left\">59<\/td>\n<td class=\"score\" align=\"right\">926<\/td>\n<td class=\"separator\" align=\"center\">:<\/td>\n<td class=\"score\" align=\"left\">1456<\/td>\n<\/tr>\n<tr>\n<td class=\"standingsrank\">5<\/td>\n<td><a target=\"_blank\" href=\"http:\/\/turnier.de\/sport\/team.aspx?id=202E29D6-0A3A-4769-9CCC-3F540EB6D56F&#038;team=236\"><s>1. BV Maintal M1<\/s><\/a><\/td>\n<td align=\"center\">0<\/td>\n<td class=\"score\" align=\"right\">0<\/td>\n<td class=\"separator\" align=\"center\">:<\/td>\n<td class=\"score\" align=\"left\">0<\/td>\n<td align=\"center\">0<\/td>\n<td align=\"center\">0<\/td>\n<td align=\"center\">0<\/td>\n<td class=\"score\" align=\"right\">0<\/td>\n<td class=\"separator\" align=\"center\">:<\/td>\n<td class=\"score\" align=\"left\">0<\/td>\n<td class=\"score\" align=\"right\">0<\/td>\n<td class=\"separator\" align=\"center\">:<\/td>\n<td class=\"score\" align=\"left\">0<\/td>\n<td class=\"score\" align=\"right\">0<\/td>\n<td class=\"separator\" align=\"center\">:<\/td>\n<td class=\"score\" align=\"left\">0<\/td>\n<\/tr>\n<\/tbody>\n<\/table>\n<\/div>\n<div id=\"mannschaft_spiele\" class=\"bvg_block\">\n<h1>Spiele<\/h1>\n<table class=\"ruler matches\">\n<thead>\n<tr>\n<td><\/td>\n<td>Spieltermin<\/td>\n<td>Spieltag<\/td>\n<td>Runde<\/td>\n<td>Nr<\/td>\n<td align=\"right\">Heim<\/td>\n<td>&#8211;<\/td>\n<td>Gast<\/td>\n<td>Ergebnis<\/td>\n<\/tr>\n<\/thead>\n<tbody>\n<tr>\n<td><\/td>\n<td class=\"plannedtime\" align=\"right\">So 13.09.2015 <span class=\"time\">13:00<\/span><\/td>\n<td align=\"right\">1<\/td>\n<td align=\"right\">H<\/td>\n<td>1<\/td>\n<td class=\"nowrap\" align=\"right\"><a class=\"teamname highlighted\" target=\"_blank\" href=\"http:\/\/turnier.de\/teammatch.aspx?id=202E29D6-0A3A-4769-9CCC-3F540EB6D56F&amp;match=1839\">BV G.-Goldbach\/Laufach M3<\/a><\/td>\n<td align=\"center\">&#8211;<\/td>\n<td class=\"nowrap\"><strong><a class=\"teamname\" target=\"_blank\" href=\"http:\/\/turnier.de\/teammatch.aspx?id=202E29D6-0A3A-4769-9CCC-3F540EB6D56F&amp;match=1839\">BV Friedrichsdorf M3<\/a><\/strong><\/td>\n<td><span class=\"score\"><span>1-5<\/span><\/span><\/td>\n<td><\/td>\n<td><\/td>\n<td><\/td>\n<\/tr>\n<tr>\n<td><\/td>\n<td class=\"plannedtime\" align=\"right\">So 04.10.2015 <span class=\"time\">13:00<\/span><\/td>\n<td align=\"right\">3<\/td>\n<td align=\"right\">H<\/td>\n<td>5<\/td>\n<td class=\"nowrap\" align=\"right\"><a class=\"teamname highlighted\" target=\"_blank\" href=\"http:\/\/turnier.de\/teammatch.aspx?id=202E29D6-0A3A-4769-9CCC-3F540EB6D56F&amp;match=1843\">BV G.-Goldbach\/Laufach M3<\/a><\/td>\n<td align=\"center\">&#8211;<\/td>\n<td class=\"nowrap\"><strong><a class=\"teamname\" target=\"_blank\" href=\"http:\/\/turnier.de\/teammatch.aspx?id=202E29D6-0A3A-4769-9CCC-3F540EB6D56F&amp;match=1843\">TV Hofheim M2<\/a><\/strong><\/td>\n<td><span class=\"score\"><span>1-5<\/span><\/span><\/td>\n<td><\/td>\n<td><\/td>\n<td><\/td>\n<\/tr>\n<tr>\n<td><\/td>\n<td class=\"plannedtime\" align=\"right\"><s>So 08.11.2015 <span class=\"time\">12:30<\/span><\/s><\/td>\n<td align=\"right\">4<\/td>\n<td align=\"right\">H<\/td>\n<td>7<\/td>\n<td class=\"nowrap\" align=\"right\"><a class=\"teamname highlighted\" target=\"_blank\" href=\"http:\/\/turnier.de\/teammatch.aspx?id=202E29D6-0A3A-4769-9CCC-3F540EB6D56F&amp;match=1847\">BV G.-Goldbach\/Laufach M3<\/a><\/td>\n<td align=\"center\">&#8211;<\/td>\n<td class=\"nowrap\"><a class=\"teamname\" target=\"_blank\" href=\"http:\/\/turnier.de\/teammatch.aspx?id=202E29D6-0A3A-4769-9CCC-3F540EB6D56F&amp;match=1847\"><s>1. BV Maintal M1<\/s><\/a><\/td>\n<td><s><\/s><\/td>\n<td><\/td>\n<td><\/td>\n<td><\/td>\n<\/tr>\n<tr>\n<td><\/td>\n<td class=\"plannedtime\" align=\"right\">So 22.11.2015 <span class=\"time\">09:30<\/span><\/td>\n<td align=\"right\">5<\/td>\n<td align=\"right\">H<\/td>\n<td>9<\/td>\n<td class=\"nowrap\" align=\"right\"><strong><a class=\"teamname\" target=\"_blank\" href=\"http:\/\/turnier.de\/teammatch.aspx?id=202E29D6-0A3A-4769-9CCC-3F540EB6D56F&amp;match=1838\">BV Frankfurt 06 M2<\/a><\/strong><\/td>\n<td align=\"center\">&#8211;<\/td>\n<td class=\"nowrap\"><strong><a class=\"teamname highlighted\" target=\"_blank\" href=\"http:\/\/turnier.de\/teammatch.aspx?id=202E29D6-0A3A-4769-9CCC-3F540EB6D56F&amp;match=1838\">BV G.-Goldbach\/Laufach M3<\/a><\/strong><\/td>\n<td><span class=\"score\"><span>3-3<\/span><\/span><\/td>\n<td><\/td>\n<td><\/td>\n<td><\/td>\n<\/tr>\n<tr>\n<td><\/td>\n<td class=\"plannedtime\" align=\"right\">So 17.01.2016 <span class=\"time\">13:00<\/span><\/td>\n<td align=\"right\">6<\/td>\n<td align=\"right\">R<\/td>\n<td>11<\/td>\n<td class=\"nowrap\" align=\"right\"><strong><a class=\"teamname\" target=\"_blank\" href=\"http:\/\/turnier.de\/teammatch.aspx?id=202E29D6-0A3A-4769-9CCC-3F540EB6D56F&amp;match=1835\">BV Friedrichsdorf M3<\/a><\/strong><\/td>\n<td align=\"center\">&#8211;<\/td>\n<td class=\"nowrap\"><a class=\"teamname highlighted\" target=\"_blank\" href=\"http:\/\/turnier.de\/teammatch.aspx?id=202E29D6-0A3A-4769-9CCC-3F540EB6D56F&amp;match=1835\">BV G.-Goldbach\/Laufach M3<\/a><\/td>\n<td><span class=\"score\"><span>5-1<\/span><\/span><\/td>\n<td><\/td>\n<td><\/td>\n<td><\/td>\n<\/tr>\n<tr>\n<td><\/td>\n<td class=\"plannedtime\" align=\"right\">So 14.02.2016 <span class=\"time\">10:00<\/span><\/td>\n<td align=\"right\">8<\/td>\n<td align=\"right\">R<\/td>\n<td>15<\/td>\n<td class=\"nowrap\" align=\"right\"><strong><a class=\"teamname\" target=\"_blank\" href=\"http:\/\/turnier.de\/teammatch.aspx?id=202E29D6-0A3A-4769-9CCC-3F540EB6D56F&amp;match=1836\">TV Hofheim M2<\/a><\/strong><\/td>\n<td align=\"center\">&#8211;<\/td>\n<td class=\"nowrap\"><a class=\"teamname highlighted\" target=\"_blank\" href=\"http:\/\/turnier.de\/teammatch.aspx?id=202E29D6-0A3A-4769-9CCC-3F540EB6D56F&amp;match=1836\">BV G.-Goldbach\/Laufach M3<\/a><\/td>\n<td><span class=\"score\"><span>5-1<\/span><\/span><\/td>\n<td><\/td>\n<td><\/td>\n<td><\/td>\n<\/tr>\n<tr>\n<td><\/td>\n<td class=\"plannedtime\" align=\"right\"><s>So 06.03.2016 <span class=\"time\">11:00<\/span><\/s><\/td>\n<td align=\"right\">9<\/td>\n<td align=\"right\">R<\/td>\n<td>17<\/td>\n<td class=\"nowrap\" align=\"right\"><a class=\"teamname\" target=\"_blank\" href=\"http:\/\/turnier.de\/teammatch.aspx?id=202E29D6-0A3A-4769-9CCC-3F540EB6D56F&amp;match=1837\"><s>1. BV Maintal M1<\/s><\/a><\/td>\n<td align=\"center\">&#8211;<\/td>\n<td class=\"nowrap\"><a class=\"teamname highlighted\" target=\"_blank\" href=\"http:\/\/turnier.de\/teammatch.aspx?id=202E29D6-0A3A-4769-9CCC-3F540EB6D56F&amp;match=1837\">BV G.-Goldbach\/Laufach M3<\/a><\/td>\n<td><s><\/s><\/td>\n<td><\/td>\n<td><\/td>\n<td><\/td>\n<\/tr>\n<tr>\n<td><\/td>\n<td class=\"plannedtime\" align=\"right\">So 13.03.2016 <span class=\"time\">12:00<\/span><\/td>\n<td align=\"right\">10<\/td>\n<td align=\"right\">R<\/td>\n<td>19<\/td>\n<td class=\"nowrap\" align=\"right\"><strong><a class=\"teamname highlighted\" target=\"_blank\" href=\"http:\/\/turnier.de\/teammatch.aspx?id=202E29D6-0A3A-4769-9CCC-3F540EB6D56F&amp;match=1851\">BV G.-Goldbach\/Laufach M3<\/a><\/strong><\/td>\n<td align=\"center\">&#8211;<\/td>\n<td class=\"nowrap\"><a class=\"teamname\" target=\"_blank\" href=\"http:\/\/turnier.de\/teammatch.aspx?id=202E29D6-0A3A-4769-9CCC-3F540EB6D56F&amp;match=1851\">BV Frankfurt 06 M2<\/a><\/td>\n<td><span class=\"score\"><span>4-2<\/span><\/span><\/td>\n<td><\/td>\n<td><\/td>\n<td><\/td>\n<\/tr>\n<\/tbody>\n<\/table>\n<\/div>\n<div id=\"mannschaft_slideshow\" class=\"bvg_block hide\"><\/div>\n","protected":false},"excerpt":{"rendered":"<p>Saison 2015\/2016 Mannschaftsspieler Herren Elbert, Jan Lisson, Niclas Dripke, Alexander Hoferer-Martinez, Maximilian Damen Bittner, Jette-Thora Biesterfeldt, Lina Dorier, Vicky HALBZEIT-BILANZ: Die Minis U11-1 mussten richtig lange auf ein Erfolgserlebnis warten. Erst am letzten Spieltag gab es dann den erster Punktgewinn mit dem 3:3 beim Frankfurter BV zu verzeichnen. Die R\u00fcckrunde d\u00fcrfte nicht viel leischter f\u00fcr [&hellip;]<\/p>\n","protected":false},"author":13,"featured_media":0,"parent":0,"menu_order":0,"comment_status":"closed","ping_status":"closed","template":"","meta":{"_acf_changed":false,"_monsterinsights_skip_tracking":false,"_monsterinsights_sitenote_active":false,"_monsterinsights_sitenote_note":"","_monsterinsights_sitenote_category":0,"ngg_post_thumbnail":0,"footnotes":""},"class_list":["post-1088","page","type-page","status-publish","hentry","post"],"acf":[],"_links":{"self":[{"href":"https:\/\/lignoplan.com\/wordpress_9\/wp-json\/wp\/v2\/pages\/1088","targetHints":{"allow":["GET"]}}],"collection":[{"href":"https:\/\/lignoplan.com\/wordpress_9\/wp-json\/wp\/v2\/pages"}],"about":[{"href":"https:\/\/lignoplan.com\/wordpress_9\/wp-json\/wp\/v2\/types\/page"}],"author":[{"embeddable":true,"href":"https:\/\/lignoplan.com\/wordpress_9\/wp-json\/wp\/v2\/users\/13"}],"replies":[{"embeddable":true,"href":"https:\/\/lignoplan.com\/wordpress_9\/wp-json\/wp\/v2\/comments?post=1088"}],"version-history":[{"count":3,"href":"https:\/\/lignoplan.com\/wordpress_9\/wp-json\/wp\/v2\/pages\/1088\/revisions"}],"predecessor-version":[{"id":1145,"href":"https:\/\/lignoplan.com\/wordpress_9\/wp-json\/wp\/v2\/pages\/1088\/revisions\/1145"}],"wp:attachment":[{"href":"https:\/\/lignoplan.com\/wordpress_9\/wp-json\/wp\/v2\/media?parent=1088"}],"curies":[{"name":"wp","href":"https:\/\/api.w.org\/{rel}","templated":true}]}}