{"id":1083,"date":"2016-04-25T09:19:32","date_gmt":"2016-04-25T09:19:32","guid":{"rendered":"http:\/\/lignoplan.com\/wordpress_d\/?page_id=1083"},"modified":"2016-04-25T09:19:32","modified_gmt":"2016-04-25T09:19:32","slug":"mini-1-u13-20152016","status":"publish","type":"page","link":"https:\/\/lignoplan.com\/wordpress_9\/mini-1-u13-20152016\/","title":{"rendered":"Mini 1 U13 2015\/2016"},"content":{"rendered":"<div id=\"mannschaft_allgemein\" class=\"bvg_block\">\n<h1>Saison 2015\/2016<\/h1>\n<div class=\"team_photo\"><a href=\"http:\/\/lignoplan.com\/wordpress_d\/wp-content\/uploads\/2016\/01\/15-Mini-U13-TVL-Web.jpg\"><img loading=\"lazy\" decoding=\"async\" src=\"http:\/\/lignoplan.com\/wordpress_d\/wp-content\/uploads\/2016\/01\/15-Mini-U13-TVL-Web.jpg\" alt=\"User comments\" width=\"448\" height=\"328\" class=\"size-full wp-image-723\" srcset=\"https:\/\/lignoplan.com\/wordpress_9\/wp-content\/uploads\/2016\/01\/15-Mini-U13-TVL-Web.jpg 448w, https:\/\/lignoplan.com\/wordpress_9\/wp-content\/uploads\/2016\/01\/15-Mini-U13-TVL-Web-300x220.jpg 300w\" sizes=\"auto, (max-width: 448px) 100vw, 448px\" \/><\/a><\/div>\n<div id=\"team_photo_members\">Alexander Gro\u00df, Tim Chudaska, Lucia Baum, Luna Dorier (von Links nach Rechts)<\/div>\n<h2>Mannschaftsspieler<\/h2>\n<h3>Herren<\/h3>\n<ul>\n<li class=\"bvg_stamm\"><a target=\"_blank\" href=\"http:\/\/turnier.de\/player.aspx?id=202E29D6-0A3A-4769-9CCC-3F540EB6D56F&amp;player=6249\">Gro\u00df, Alexander<\/a><\/li>\n<li class=\"bvg_stamm\"><a target=\"_blank\" href=\"http:\/\/turnier.de\/player.aspx?id=202E29D6-0A3A-4769-9CCC-3F540EB6D56F&amp;player=6250\">Chudaska, Tim<\/a><\/li>\n<li class=\"bvg_ersatz\"><a target=\"_blank\" href=\"http:\/\/turnier.de\/player.aspx?id=202E29D6-0A3A-4769-9CCC-3F540EB6D56F&amp;player=6243\">Kl\u00f6ppel, Nicolai<\/a><\/li>\n<li class=\"bvg_ersatz\"><a target=\"_blank\" href=\"http:\/\/turnier.de\/player.aspx?id=202E29D6-0A3A-4769-9CCC-3F540EB6D56F&amp;player=6244\">Werner, Johannes<\/a><\/li>\n<\/ul>\n<h3>Damen<\/h3>\n<ul>\n<li class=\"bvg_stamm\"><a target=\"_blank\" href=\"http:\/\/turnier.de\/player.aspx?id=202E29D6-0A3A-4769-9CCC-3F540EB6D56F&amp;player=6267\">Dorier, Luna<\/a><\/li>\n<li class=\"bvg_stamm\"><a target=\"_blank\" href=\"http:\/\/turnier.de\/player.aspx?id=202E29D6-0A3A-4769-9CCC-3F540EB6D56F&amp;player=6278\">Baum, Lucia<\/a><\/li>\n<li class=\"bvg_ersatz\"><a target=\"_blank\" href=\"http:\/\/turnier.de\/player.aspx?id=202E29D6-0A3A-4769-9CCC-3F540EB6D56F&amp;player=6284\">Dorier, Vicky<\/a><\/li>\n<\/ul>\n<\/div>\n<div id=\"mannschaft_berichte\" class=\"bvg_block\">HALBZEIT-BILANZ:<\/p>\n<p>Eine tolle Vorrunde legten die Minis U13-1 hin. Der Sieg im Spitzenspiel gegen Friedrichsdorf brachte sogar die Tabellenf\u00fchrung. Die Bilanz: Ungeschlagen mit 9:3 Punkten. Aber Friedrichsdorf und J\u00fcgesheim sitzen im Nacken. Beide Teams haben nur einen Verlustpunkt weniger.<\/p>\n<p><a href=\"http:\/\/lignoplan.com\/wordpress_d\/wp-content\/uploads\/2016\/01\/15-U13-Wettkampf-Web.jpg\"><img loading=\"lazy\" decoding=\"async\" src=\"http:\/\/lignoplan.com\/wordpress_d\/wp-content\/uploads\/2016\/01\/15-U13-Wettkampf-Web.jpg\" alt=\"User comments\" width=\"448\" height=\"310\" class=\"size-full wp-image-715\" srcset=\"https:\/\/lignoplan.com\/wordpress_9\/wp-content\/uploads\/2016\/01\/15-U13-Wettkampf-Web.jpg 448w, https:\/\/lignoplan.com\/wordpress_9\/wp-content\/uploads\/2016\/01\/15-U13-Wettkampf-Web-300x208.jpg 300w\" sizes=\"auto, (max-width: 448px) 100vw, 448px\" \/><\/a><br \/>\nLuna und Lucia\n<\/div>\n<div id=\"mannschaft_tabelle\" class=\"bvg_block\">\n<h1>Tabelle<\/h1>\n<h1><a target=\"_blank\" href=\"http:\/\/turnier.de\/draw.aspx?id=202E29D6-0A3A-4769-9CCC-3F540EB6D56F&#038;draw=36\">U13 Miniklasse FR &#8211; U13 Miniklasse FR 2<\/a><\/h1>\n<table class=\"ruler\">\n<thead>\n<tr class=\"poulestandings\">\n<td><\/td>\n<td><\/td>\n<td>gespielt<\/td>\n<td colspan=\"3\">Punkte<\/td>\n<td>GEW<\/td>\n<td>REM<\/td>\n<td>VER<\/td>\n<td colspan=\"3\">Spiele<\/td>\n<td colspan=\"3\">S\u00e4tze<\/td>\n<td colspan=\"3\">Spielpunkte<\/td>\n<\/tr>\n<\/thead>\n<tbody>\n<tr>\n<td class=\"standingsrank\">1<\/td>\n<td><a target=\"_blank\" href=\"http:\/\/turnier.de\/sport\/team.aspx?id=202E29D6-0A3A-4769-9CCC-3F540EB6D56F&#038;team=231\">BV Friedrichsdorf M2<\/a><\/td>\n<td align=\"center\">12<\/td>\n<td class=\"score\" align=\"right\">20<\/td>\n<td class=\"separator\" align=\"center\">:<\/td>\n<td class=\"score\" align=\"left\">4<\/td>\n<td align=\"center\">10<\/td>\n<td align=\"center\">0<\/td>\n<td align=\"center\">2<\/td>\n<td class=\"score\" align=\"right\">52<\/td>\n<td class=\"separator\" align=\"center\">:<\/td>\n<td class=\"score\" align=\"left\">20<\/td>\n<td class=\"score\" align=\"right\">107<\/td>\n<td class=\"separator\" align=\"center\">:<\/td>\n<td class=\"score\" align=\"left\">46<\/td>\n<td class=\"score\" align=\"right\">2661<\/td>\n<td class=\"separator\" align=\"center\">:<\/td>\n<td class=\"score\" align=\"left\">2001<\/td>\n<\/tr>\n<tr>\n<td class=\"standingsrank\">2<\/td>\n<td><a target=\"_blank\" href=\"http:\/\/turnier.de\/sport\/team.aspx?id=202E29D6-0A3A-4769-9CCC-3F540EB6D56F&#038;team=228\">TGS J\u00fcgesheim M1<\/a><\/td>\n<td align=\"center\">12<\/td>\n<td class=\"score\" align=\"right\">16<\/td>\n<td class=\"separator\" align=\"center\">:<\/td>\n<td class=\"score\" align=\"left\">8<\/td>\n<td align=\"center\">6<\/td>\n<td align=\"center\">4<\/td>\n<td align=\"center\">2<\/td>\n<td class=\"score\" align=\"right\">41<\/td>\n<td class=\"separator\" align=\"center\">:<\/td>\n<td class=\"score\" align=\"left\">31<\/td>\n<td class=\"score\" align=\"right\">93<\/td>\n<td class=\"separator\" align=\"center\">:<\/td>\n<td class=\"score\" align=\"left\">68<\/td>\n<td class=\"score\" align=\"right\">2819<\/td>\n<td class=\"separator\" align=\"center\">:<\/td>\n<td class=\"score\" align=\"left\">2335<\/td>\n<\/tr>\n<tr class=\"selected\">\n<td class=\"standingsrank\">3<\/td>\n<td><a target=\"_blank\" href=\"http:\/\/turnier.de\/sport\/team.aspx?id=202E29D6-0A3A-4769-9CCC-3F540EB6D56F&#038;team=227\">BV G.-Goldbach\/Laufach M1<\/a><\/td>\n<td align=\"center\">12<\/td>\n<td class=\"score\" align=\"right\">15<\/td>\n<td class=\"separator\" align=\"center\">:<\/td>\n<td class=\"score\" align=\"left\">9<\/td>\n<td align=\"center\">6<\/td>\n<td align=\"center\">3<\/td>\n<td align=\"center\">3<\/td>\n<td class=\"score\" align=\"right\">43<\/td>\n<td class=\"separator\" align=\"center\">:<\/td>\n<td class=\"score\" align=\"left\">29<\/td>\n<td class=\"score\" align=\"right\">94<\/td>\n<td class=\"separator\" align=\"center\">:<\/td>\n<td class=\"score\" align=\"left\">63<\/td>\n<td class=\"score\" align=\"right\">2665<\/td>\n<td class=\"separator\" align=\"center\">:<\/td>\n<td class=\"score\" align=\"left\">2300<\/td>\n<\/tr>\n<tr>\n<td class=\"standingsrank\">4<\/td>\n<td><a target=\"_blank\" href=\"http:\/\/turnier.de\/sport\/team.aspx?id=202E29D6-0A3A-4769-9CCC-3F540EB6D56F&#038;team=230\">BV Frankfurt 06 M1<\/a><\/td>\n<td align=\"center\">12<\/td>\n<td class=\"score\" align=\"right\">13<\/td>\n<td class=\"separator\" align=\"center\">:<\/td>\n<td class=\"score\" align=\"left\">11<\/td>\n<td align=\"center\">5<\/td>\n<td align=\"center\">3<\/td>\n<td align=\"center\">4<\/td>\n<td class=\"score\" align=\"right\">39<\/td>\n<td class=\"separator\" align=\"center\">:<\/td>\n<td class=\"score\" align=\"left\">33<\/td>\n<td class=\"score\" align=\"right\">83<\/td>\n<td class=\"separator\" align=\"center\">:<\/td>\n<td class=\"score\" align=\"left\">75<\/td>\n<td class=\"score\" align=\"right\">2631<\/td>\n<td class=\"separator\" align=\"center\">:<\/td>\n<td class=\"score\" align=\"left\">2372<\/td>\n<\/tr>\n<tr>\n<td class=\"standingsrank\">5<\/td>\n<td><a target=\"_blank\" href=\"http:\/\/turnier.de\/sport\/team.aspx?id=202E29D6-0A3A-4769-9CCC-3F540EB6D56F&#038;team=226\">SG Enkheim M1<\/a><\/td>\n<td align=\"center\">12<\/td>\n<td class=\"score\" align=\"right\">11<\/td>\n<td class=\"separator\" align=\"center\">:<\/td>\n<td class=\"score\" align=\"left\">13<\/td>\n<td align=\"center\">5<\/td>\n<td align=\"center\">1<\/td>\n<td align=\"center\">6<\/td>\n<td class=\"score\" align=\"right\">31<\/td>\n<td class=\"separator\" align=\"center\">:<\/td>\n<td class=\"score\" align=\"left\">41<\/td>\n<td class=\"score\" align=\"right\">67<\/td>\n<td class=\"separator\" align=\"center\">:<\/td>\n<td class=\"score\" align=\"left\">89<\/td>\n<td class=\"score\" align=\"right\">2304<\/td>\n<td class=\"separator\" align=\"center\">:<\/td>\n<td class=\"score\" align=\"left\">2618<\/td>\n<\/tr>\n<tr>\n<td class=\"standingsrank\">6<\/td>\n<td><a target=\"_blank\" href=\"http:\/\/turnier.de\/sport\/team.aspx?id=202E29D6-0A3A-4769-9CCC-3F540EB6D56F&#038;team=229\">1. Frankfurter BC M1<\/a><\/td>\n<td align=\"center\">12<\/td>\n<td class=\"score\" align=\"right\">7<\/td>\n<td class=\"separator\" align=\"center\">:<\/td>\n<td class=\"score\" align=\"left\">17<\/td>\n<td align=\"center\">3<\/td>\n<td align=\"center\">1<\/td>\n<td align=\"center\">8<\/td>\n<td class=\"score\" align=\"right\">28<\/td>\n<td class=\"separator\" align=\"center\">:<\/td>\n<td class=\"score\" align=\"left\">44<\/td>\n<td class=\"score\" align=\"right\">63<\/td>\n<td class=\"separator\" align=\"center\">:<\/td>\n<td class=\"score\" align=\"left\">94<\/td>\n<td class=\"score\" align=\"right\">2186<\/td>\n<td class=\"separator\" align=\"center\">:<\/td>\n<td class=\"score\" align=\"left\">2719<\/td>\n<\/tr>\n<tr>\n<td class=\"standingsrank\">7<\/td>\n<td><a target=\"_blank\" href=\"http:\/\/turnier.de\/sport\/team.aspx?id=202E29D6-0A3A-4769-9CCC-3F540EB6D56F&#038;team=232\">TuS Steinbach M1<\/a><\/td>\n<td align=\"center\">12<\/td>\n<td class=\"score\" align=\"right\">2<\/td>\n<td class=\"separator\" align=\"center\">:<\/td>\n<td class=\"score\" align=\"left\">22<\/td>\n<td align=\"center\">0<\/td>\n<td align=\"center\">2<\/td>\n<td align=\"center\">10<\/td>\n<td class=\"score\" align=\"right\">18<\/td>\n<td class=\"separator\" align=\"center\">:<\/td>\n<td class=\"score\" align=\"left\">54<\/td>\n<td class=\"score\" align=\"right\">40<\/td>\n<td class=\"separator\" align=\"center\">:<\/td>\n<td class=\"score\" align=\"left\">112<\/td>\n<td class=\"score\" align=\"right\">1856<\/td>\n<td class=\"separator\" align=\"center\">:<\/td>\n<td class=\"score\" align=\"left\">2777<\/td>\n<\/tr>\n<\/tbody>\n<\/table>\n<\/div>\n<div id=\"mannschaft_spiele\" class=\"bvg_block\">\n<h1>Spiele<\/h1>\n<table class=\"ruler matches\">\n<thead>\n<tr>\n<td><\/td>\n<td>Spieltermin<\/td>\n<td>Spieltag<\/td>\n<td>Runde<\/td>\n<td>Nr<\/td>\n<td align=\"right\">Heim<\/td>\n<td>&#8211;<\/td>\n<td>Gast<\/td>\n<td>Ergebnis<\/td>\n<\/tr>\n<\/thead>\n<tbody>\n<tr>\n<td><\/td>\n<td class=\"plannedtime\" align=\"right\">So 13.09.2015 <span class=\"time\">10:00<\/span><\/td>\n<td align=\"right\">1<\/td>\n<td align=\"right\">H<\/td>\n<td>1<\/td>\n<td class=\"nowrap\" align=\"right\"><strong><a class=\"teamname\" target=\"_blank\" href=\"http:\/\/turnier.de\/teammatch.aspx?id=202E29D6-0A3A-4769-9CCC-3F540EB6D56F&amp;match=1794\">SG Enkheim M1<\/a><\/strong><\/td>\n<td align=\"center\">&#8211;<\/td>\n<td class=\"nowrap\"><strong><a class=\"teamname highlighted\" target=\"_blank\" href=\"http:\/\/turnier.de\/teammatch.aspx?id=202E29D6-0A3A-4769-9CCC-3F540EB6D56F&amp;match=1794\">BV G.-Goldbach\/Laufach M1<\/a><\/strong><\/td>\n<td><span class=\"score\"><span>3-3<\/span><\/span><\/td>\n<td><\/td>\n<td><\/td>\n<td><\/td>\n<\/tr>\n<tr>\n<td><\/td>\n<td class=\"plannedtime\" align=\"right\">Fr 18.09.2015 <span class=\"time\">18:00<\/span><\/td>\n<td align=\"right\">3<\/td>\n<td align=\"right\">H<\/td>\n<td>8<\/td>\n<td class=\"nowrap\" align=\"right\"><a class=\"teamname\" target=\"_blank\" href=\"http:\/\/turnier.de\/teammatch.aspx?id=202E29D6-0A3A-4769-9CCC-3F540EB6D56F&amp;match=1797\">BV Frankfurt 06 M1<\/a><\/td>\n<td align=\"center\">&#8211;<\/td>\n<td class=\"nowrap\"><strong><a class=\"teamname highlighted\" target=\"_blank\" href=\"http:\/\/turnier.de\/teammatch.aspx?id=202E29D6-0A3A-4769-9CCC-3F540EB6D56F&amp;match=1797\">BV G.-Goldbach\/Laufach M1<\/a><\/strong><\/td>\n<td><span class=\"score\"><span>2-4<\/span><\/span><\/td>\n<td><\/td>\n<td><\/td>\n<td><\/td>\n<\/tr>\n<tr>\n<td><\/td>\n<td class=\"plannedtime\" align=\"right\">Sa 19.09.2015 <span class=\"time\">14:00<\/span><\/td>\n<td align=\"right\">2<\/td>\n<td align=\"right\">H<\/td>\n<td>4<\/td>\n<td class=\"nowrap\" align=\"right\"><strong><a class=\"teamname highlighted\" target=\"_blank\" href=\"http:\/\/turnier.de\/teammatch.aspx?id=202E29D6-0A3A-4769-9CCC-3F540EB6D56F&amp;match=1801\">BV G.-Goldbach\/Laufach M1<\/a><\/strong><\/td>\n<td align=\"center\">&#8211;<\/td>\n<td class=\"nowrap\"><strong><a class=\"teamname\" target=\"_blank\" href=\"http:\/\/turnier.de\/teammatch.aspx?id=202E29D6-0A3A-4769-9CCC-3F540EB6D56F&amp;match=1801\">TGS J&uuml;gesheim M1<\/a><\/strong><\/td>\n<td><span class=\"score\"><span>3-3<\/span><\/span><\/td>\n<td><\/td>\n<td><\/td>\n<td><\/td>\n<\/tr>\n<tr>\n<td><\/td>\n<td class=\"plannedtime\" align=\"right\">So 04.10.2015 <span class=\"time\">10:00<\/span><\/td>\n<td align=\"right\">4<\/td>\n<td align=\"right\">H<\/td>\n<td>11<\/td>\n<td class=\"nowrap\" align=\"right\"><strong><a class=\"teamname highlighted\" target=\"_blank\" href=\"http:\/\/turnier.de\/teammatch.aspx?id=202E29D6-0A3A-4769-9CCC-3F540EB6D56F&amp;match=1825\">BV G.-Goldbach\/Laufach M1<\/a><\/strong><\/td>\n<td align=\"center\">&#8211;<\/td>\n<td class=\"nowrap\"><strong><a class=\"teamname\" target=\"_blank\" href=\"http:\/\/turnier.de\/teammatch.aspx?id=202E29D6-0A3A-4769-9CCC-3F540EB6D56F&amp;match=1825\">TuS Steinbach M1<\/a><\/strong><\/td>\n<td><span class=\"score\"><span>3-3<\/span><\/span><\/td>\n<td><\/td>\n<td><\/td>\n<td><\/td>\n<\/tr>\n<tr>\n<td><\/td>\n<td class=\"plannedtime\" align=\"right\">Sa 21.11.2015 <span class=\"time\">15:00<\/span><\/td>\n<td align=\"right\">6<\/td>\n<td align=\"right\">H<\/td>\n<td>17<\/td>\n<td class=\"nowrap\" align=\"right\"><strong><a class=\"teamname highlighted\" target=\"_blank\" href=\"http:\/\/turnier.de\/teammatch.aspx?id=202E29D6-0A3A-4769-9CCC-3F540EB6D56F&amp;match=1807\">BV G.-Goldbach\/Laufach M1<\/a><\/strong><\/td>\n<td align=\"center\">&#8211;<\/td>\n<td class=\"nowrap\"><a class=\"teamname\" target=\"_blank\" href=\"http:\/\/turnier.de\/teammatch.aspx?id=202E29D6-0A3A-4769-9CCC-3F540EB6D56F&amp;match=1807\">1. Frankfurter BC M1<\/a><\/td>\n<td><span class=\"score\"><span>6-0<\/span><\/span><\/td>\n<td><\/td>\n<td><\/td>\n<td><\/td>\n<\/tr>\n<tr>\n<td><\/td>\n<td class=\"plannedtime\" align=\"right\">So 22.11.2015 <span class=\"time\">12:00<\/span><\/td>\n<td align=\"right\">7<\/td>\n<td align=\"right\">H<\/td>\n<td>21<\/td>\n<td class=\"nowrap\" align=\"right\"><a class=\"teamname\" target=\"_blank\" href=\"http:\/\/turnier.de\/teammatch.aspx?id=202E29D6-0A3A-4769-9CCC-3F540EB6D56F&amp;match=1798\">BV Friedrichsdorf M2<\/a><\/td>\n<td align=\"center\">&#8211;<\/td>\n<td class=\"nowrap\"><strong><a class=\"teamname highlighted\" target=\"_blank\" href=\"http:\/\/turnier.de\/teammatch.aspx?id=202E29D6-0A3A-4769-9CCC-3F540EB6D56F&amp;match=1798\">BV G.-Goldbach\/Laufach M1<\/a><\/strong><\/td>\n<td><span class=\"score\"><span>1-5<\/span><\/span><\/td>\n<td><\/td>\n<td><\/td>\n<td><\/td>\n<\/tr>\n<tr>\n<td><\/td>\n<td class=\"plannedtime\" align=\"right\">So 17.01.2016 <span class=\"time\">12:00<\/span><\/td>\n<td align=\"right\">8<\/td>\n<td align=\"right\">R<\/td>\n<td>22<\/td>\n<td class=\"nowrap\" align=\"right\"><strong><a class=\"teamname highlighted\" target=\"_blank\" href=\"http:\/\/turnier.de\/teammatch.aspx?id=202E29D6-0A3A-4769-9CCC-3F540EB6D56F&amp;match=1788\">BV G.-Goldbach\/Laufach M1<\/a><\/strong><\/td>\n<td align=\"center\">&#8211;<\/td>\n<td class=\"nowrap\"><a class=\"teamname\" target=\"_blank\" href=\"http:\/\/turnier.de\/teammatch.aspx?id=202E29D6-0A3A-4769-9CCC-3F540EB6D56F&amp;match=1788\">SG Enkheim M1<\/a><\/td>\n<td><span class=\"score\"><span>5-1<\/span><\/span><\/td>\n<td><\/td>\n<td><\/td>\n<td><\/td>\n<\/tr>\n<tr>\n<td><\/td>\n<td class=\"plannedtime\" align=\"right\">So 24.01.2016 <span class=\"time\">10:00<\/span><\/td>\n<td align=\"right\">9<\/td>\n<td align=\"right\">R<\/td>\n<td>25<\/td>\n<td class=\"nowrap\" align=\"right\"><strong><a class=\"teamname\" target=\"_blank\" href=\"http:\/\/turnier.de\/teammatch.aspx?id=202E29D6-0A3A-4769-9CCC-3F540EB6D56F&amp;match=1795\">TGS J&uuml;gesheim M1<\/a><\/strong><\/td>\n<td align=\"center\">&#8211;<\/td>\n<td class=\"nowrap\"><a class=\"teamname highlighted\" target=\"_blank\" href=\"http:\/\/turnier.de\/teammatch.aspx?id=202E29D6-0A3A-4769-9CCC-3F540EB6D56F&amp;match=1795\">BV G.-Goldbach\/Laufach M1<\/a><\/td>\n<td><span class=\"score\"><span>5-1<\/span><\/span><\/td>\n<td><\/td>\n<td><\/td>\n<td><\/td>\n<\/tr>\n<tr>\n<td><\/td>\n<td class=\"plannedtime\" align=\"right\">Sa 30.01.2016 <span class=\"time\">15:00<\/span><\/td>\n<td align=\"right\">10<\/td>\n<td align=\"right\">R<\/td>\n<td>29<\/td>\n<td class=\"nowrap\" align=\"right\"><strong><a class=\"teamname highlighted\" target=\"_blank\" href=\"http:\/\/turnier.de\/teammatch.aspx?id=202E29D6-0A3A-4769-9CCC-3F540EB6D56F&amp;match=1813\">BV G.-Goldbach\/Laufach M1<\/a><\/strong><\/td>\n<td align=\"center\">&#8211;<\/td>\n<td class=\"nowrap\"><a class=\"teamname\" target=\"_blank\" href=\"http:\/\/turnier.de\/teammatch.aspx?id=202E29D6-0A3A-4769-9CCC-3F540EB6D56F&amp;match=1813\">BV Frankfurt 06 M1<\/a><\/td>\n<td><span class=\"score\"><span>5-1<\/span><\/span><\/td>\n<td><\/td>\n<td><\/td>\n<td><\/td>\n<\/tr>\n<tr>\n<td><\/td>\n<td class=\"plannedtime\" align=\"right\">So 31.01.2016 <span class=\"time\">10:00<\/span><\/td>\n<td align=\"right\">11<\/td>\n<td align=\"right\">R<\/td>\n<td>32<\/td>\n<td class=\"nowrap\" align=\"right\"><a class=\"teamname\" target=\"_blank\" href=\"http:\/\/turnier.de\/teammatch.aspx?id=202E29D6-0A3A-4769-9CCC-3F540EB6D56F&amp;match=1799\">TuS Steinbach M1<\/a><\/td>\n<td align=\"center\">&#8211;<\/td>\n<td class=\"nowrap\"><strong><a class=\"teamname highlighted\" target=\"_blank\" href=\"http:\/\/turnier.de\/teammatch.aspx?id=202E29D6-0A3A-4769-9CCC-3F540EB6D56F&amp;match=1799\">BV G.-Goldbach\/Laufach M1<\/a><\/strong><\/td>\n<td><span class=\"score\"><span>0-6<\/span><\/span><\/td>\n<td><\/td>\n<td><\/td>\n<td><\/td>\n<\/tr>\n<tr>\n<td><\/td>\n<td class=\"plannedtime\" align=\"right\">So 06.03.2016 <span class=\"time\">10:00<\/span><\/td>\n<td align=\"right\">13<\/td>\n<td align=\"right\">R<\/td>\n<td>38<\/td>\n<td class=\"nowrap\" align=\"right\"><strong><a class=\"teamname\" target=\"_blank\" href=\"http:\/\/turnier.de\/teammatch.aspx?id=202E29D6-0A3A-4769-9CCC-3F540EB6D56F&amp;match=1796\">1. Frankfurter BC M1<\/a><\/strong><\/td>\n<td align=\"center\">&#8211;<\/td>\n<td class=\"nowrap\"><a class=\"teamname highlighted\" target=\"_blank\" href=\"http:\/\/turnier.de\/teammatch.aspx?id=202E29D6-0A3A-4769-9CCC-3F540EB6D56F&amp;match=1796\">BV G.-Goldbach\/Laufach M1<\/a><\/td>\n<td><span class=\"score\"><span>6-0<\/span><\/span><\/td>\n<td><\/td>\n<td><\/td>\n<td><\/td>\n<\/tr>\n<tr>\n<td><\/td>\n<td class=\"plannedtime\" align=\"right\">So 13.03.2016 <span class=\"time\">10:00<\/span><\/td>\n<td align=\"right\">14<\/td>\n<td align=\"right\">R<\/td>\n<td>42<\/td>\n<td class=\"nowrap\" align=\"right\"><a class=\"teamname highlighted\" target=\"_blank\" href=\"http:\/\/turnier.de\/teammatch.aspx?id=202E29D6-0A3A-4769-9CCC-3F540EB6D56F&amp;match=1819\">BV G.-Goldbach\/Laufach M1<\/a><\/td>\n<td align=\"center\">&#8211;<\/td>\n<td class=\"nowrap\"><strong><a class=\"teamname\" target=\"_blank\" href=\"http:\/\/turnier.de\/teammatch.aspx?id=202E29D6-0A3A-4769-9CCC-3F540EB6D56F&amp;match=1819\">BV Friedrichsdorf M2<\/a><\/strong><\/td>\n<td><span class=\"score\"><span>2-4<\/span><\/span><\/td>\n<td><\/td>\n<td><\/td>\n<td><\/td>\n<\/tr>\n<\/tbody>\n<\/table>\n<\/div>\n<div id=\"mannschaft_slideshow\" class=\"bvg_block hide\"><\/div>\n","protected":false},"excerpt":{"rendered":"<p>Saison 2015\/2016 Alexander Gro\u00df, Tim Chudaska, Lucia Baum, Luna Dorier (von Links nach Rechts) Mannschaftsspieler Herren Gro\u00df, Alexander Chudaska, Tim Kl\u00f6ppel, Nicolai Werner, Johannes Damen Dorier, Luna Baum, Lucia Dorier, Vicky HALBZEIT-BILANZ: Eine tolle Vorrunde legten die Minis U13-1 hin. Der Sieg im Spitzenspiel gegen Friedrichsdorf brachte sogar die Tabellenf\u00fchrung. Die Bilanz: Ungeschlagen mit 9:3 [&hellip;]<\/p>\n","protected":false},"author":13,"featured_media":0,"parent":0,"menu_order":0,"comment_status":"closed","ping_status":"closed","template":"","meta":{"_acf_changed":false,"_monsterinsights_skip_tracking":false,"_monsterinsights_sitenote_active":false,"_monsterinsights_sitenote_note":"","_monsterinsights_sitenote_category":0,"ngg_post_thumbnail":0,"footnotes":""},"class_list":["post-1083","page","type-page","status-publish","hentry","post"],"acf":[],"_links":{"self":[{"href":"https:\/\/lignoplan.com\/wordpress_9\/wp-json\/wp\/v2\/pages\/1083","targetHints":{"allow":["GET"]}}],"collection":[{"href":"https:\/\/lignoplan.com\/wordpress_9\/wp-json\/wp\/v2\/pages"}],"about":[{"href":"https:\/\/lignoplan.com\/wordpress_9\/wp-json\/wp\/v2\/types\/page"}],"author":[{"embeddable":true,"href":"https:\/\/lignoplan.com\/wordpress_9\/wp-json\/wp\/v2\/users\/13"}],"replies":[{"embeddable":true,"href":"https:\/\/lignoplan.com\/wordpress_9\/wp-json\/wp\/v2\/comments?post=1083"}],"version-history":[{"count":4,"href":"https:\/\/lignoplan.com\/wordpress_9\/wp-json\/wp\/v2\/pages\/1083\/revisions"}],"predecessor-version":[{"id":1141,"href":"https:\/\/lignoplan.com\/wordpress_9\/wp-json\/wp\/v2\/pages\/1083\/revisions\/1141"}],"wp:attachment":[{"href":"https:\/\/lignoplan.com\/wordpress_9\/wp-json\/wp\/v2\/media?parent=1083"}],"curies":[{"name":"wp","href":"https:\/\/api.w.org\/{rel}","templated":true}]}}