{"id":3775,"date":"2017-09-10T20:10:17","date_gmt":"2017-09-10T18:10:17","guid":{"rendered":"http:\/\/lignoplan.com\/wordpress_7\/?page_id=3775"},"modified":"2018-05-22T19:46:21","modified_gmt":"2018-05-22T17:46:21","slug":"feinstaub-und-verkehrswoche","status":"publish","type":"page","link":"https:\/\/lignoplan.com\/wordpress_7\/feinstaub-und-verkehrswoche\/","title":{"rendered":"Luftschadstoff- und Verkehrsbelastung"},"content":{"rendered":"<p><a href=\"http:\/\/twitter.com\/share?url=https%3A%2F%2Flignoplan.com%2Fwordpress_7%2Ffeinstaub-und-verkehrswoche%2F&amp;count=none&amp;lang=de&amp;via=https%3A%2F%2Ftwitter.com%2Fvihinfo&amp;related=vihinfo:Verkehrs-Initiative+H%C3%B6sbach&amp;text=Luftschadstoff- und Verkehrsbelastung - VI H\u00f6sbach e.V.\" class=\"twitter-share-button\">Tweet<\/a><\/p><h5>Feinstaub<\/h5>\n<p>Seit September letzten Jahres f\u00fchrt die VIH an verschiedenen Standorten Luftschadstoffmessungen durch. Die <a href=\"https:\/\/lignoplan.com\/wordpress_7\/feinstaubarchiv\/\"><strong>Auswertung f\u00fcr Feinstaub<\/strong><\/a> erfolgt monatsweise mit den jeweiligen Tagesmittelwerten, teilweise mit entprechenden Daten zur Verkehrsbelastung. Die relevanten Grenzwerte der 39. Verordnung zum BImSchG wurden in den Diagrammen eingezeichnet. In den ersten Monaten wurden die gesetzlichen Jahresmittel-Grenzwerte f\u00fcr PM10 und PM 2,5 im Bereich der Hauptstra\u00dfe West erwartungsgem\u00e4\u00df nicht \u00fcberschritten. Ob der zul\u00e4ssige Tagesmittel-Grenzwert von 50\u00b5g\/m\u00b3 f\u00fcr PM10 an mehr als 35 Tagen \u00fcberschritten wird, kann noch nicht beurteilt werden.<\/p>\n<p>Es zeigt sich, dass die Feinstaubbelastung nicht nur von der jeweiligen Verkehrsbelastung beeinflusst wird, sondern klimatische Einfl\u00fcsse (Regen, Wolkendecke) oft die gr\u00f6\u00dfere Rolle spielen.&nbsp; Eine Korrelation der Tagesmittelwerte von Feinstaub und Verkehr l\u00e4sst sich auf den ersten Blick nicht feststellen. Erkennbar ist allerdings ein Anstieg der Feinstaubwerte in der Heizperiode.<\/p>\n<h5>Stickoxid<\/h5>\n<p>An verschiedenen Messstellen wurde auch die NO2 -Belastung gemessen. Die Ergebnisse der einzelnen Messpunkte und Messungen wird in der <strong><a href=\"https:\/\/drive.google.com\/open?id=11pOorRFBpgfrTknqZ2KNNC_zSk68511a\" target=\"_blank\" rel=\"noopener\">NO2-Karte<\/a><\/strong> dargestellt.<\/p>\n<p>Zum Schutz der menschlichen Gesundheit ist in Deutschland ein Jahresmittelgrenzwert von 40 Mikrogramm pro Kubikmeter Luft vorgeschrieben.&nbsp; F\u00fcr Pflanzen und zum Schutz von \u00d6kosystem gilt der Richtwert von 30 Mikrogramm im Jahresmittel. Hier gilt also ein niedrigerer Grenzwert als f\u00fcr die menschliche Gesundheit.<\/p>\n<p>Gesundheitssch\u00e4den treten bereits ab einer Belastung von 20 Mikrogramm\/m\u00b3 auf. Besonders f\u00fcr Kinder, Schwangere, Asthmatiker, Lungenvorgesch\u00e4digte, \u00e4ltere oder fr\u00fchgeborene Menschen sind schon durchschnittliche Konzentrationen der Atemluft von 20 Mikrogramm\/m\u00b3 NO2 gesundheitsgef\u00e4hrdend.<\/p>\n","protected":false},"excerpt":{"rendered":"<p>TweetFeinstaub Seit September letzten Jahres f\u00fchrt die VIH an verschiedenen Standorten Luftschadstoffmessungen durch. Die Auswertung f\u00fcr Feinstaub erfolgt monatsweise mit den jeweiligen Tagesmittelwerten, teilweise mit entprechenden Daten zur Verkehrsbelastung. Die relevanten Grenzwerte der 39. Verordnung zum BImSchG wurden in den Diagrammen eingezeichnet. In den ersten Monaten wurden die gesetzlichen Jahresmittel-Grenzwerte f\u00fcr PM10 und PM 2,5 &hellip; <a href=\"https:\/\/lignoplan.com\/wordpress_7\/feinstaub-und-verkehrswoche\/\" class=\"more-link\"><span class=\"screen-reader-text\">Luftschadstoff- und Verkehrsbelastung<\/span> weiterlesen <span class=\"meta-nav\">&rarr;<\/span><\/a><\/p>\n","protected":false},"author":2,"featured_media":0,"parent":0,"menu_order":0,"comment_status":"closed","ping_status":"closed","template":"","meta":{"ngg_post_thumbnail":0,"footnotes":""},"class_list":["post-3775","page","type-page","status-publish","hentry"],"_links":{"self":[{"href":"https:\/\/lignoplan.com\/wordpress_7\/wp-json\/wp\/v2\/pages\/3775","targetHints":{"allow":["GET"]}}],"collection":[{"href":"https:\/\/lignoplan.com\/wordpress_7\/wp-json\/wp\/v2\/pages"}],"about":[{"href":"https:\/\/lignoplan.com\/wordpress_7\/wp-json\/wp\/v2\/types\/page"}],"author":[{"embeddable":true,"href":"https:\/\/lignoplan.com\/wordpress_7\/wp-json\/wp\/v2\/users\/2"}],"replies":[{"embeddable":true,"href":"https:\/\/lignoplan.com\/wordpress_7\/wp-json\/wp\/v2\/comments?post=3775"}],"version-history":[{"count":41,"href":"https:\/\/lignoplan.com\/wordpress_7\/wp-json\/wp\/v2\/pages\/3775\/revisions"}],"predecessor-version":[{"id":4237,"href":"https:\/\/lignoplan.com\/wordpress_7\/wp-json\/wp\/v2\/pages\/3775\/revisions\/4237"}],"wp:attachment":[{"href":"https:\/\/lignoplan.com\/wordpress_7\/wp-json\/wp\/v2\/media?parent=3775"}],"curies":[{"name":"wp","href":"https:\/\/api.w.org\/{rel}","templated":true}]}}