{"id":2735,"date":"2016-01-03T13:56:16","date_gmt":"2016-01-03T11:56:16","guid":{"rendered":"http:\/\/lignoplan.com\/wordpress_7\/?page_id=2735"},"modified":"2019-12-06T19:14:35","modified_gmt":"2019-12-06T17:14:35","slug":"mobil-mit-dem-fahrrad","status":"publish","type":"page","link":"https:\/\/lignoplan.com\/wordpress_7\/mobil-mit-dem-fahrrad\/","title":{"rendered":"Mobil mit dem Fahrrad"},"content":{"rendered":"<p><a href=\"http:\/\/twitter.com\/share?url=https%3A%2F%2Flignoplan.com%2Fwordpress_7%2Fmobil-mit-dem-fahrrad%2F&amp;count=none&amp;lang=de&amp;via=https%3A%2F%2Ftwitter.com%2Fvihinfo&amp;related=vihinfo:Verkehrs-Initiative+H%C3%B6sbach&amp;text=Mobil mit dem Fahrrad - VI H\u00f6sbach e.V.\" class=\"twitter-share-button\">Tweet<\/a><\/p><h3>F\u00fcr&nbsp; aktuelle und genaue Infos:<\/h3>\n<h6><a href=\"http:\/\/www.opencyclemap.org\/?zoom=15&amp;lat=50.00402&amp;lon=9.21242&amp;layers=B0000\" target=\"_blank\" rel=\"noopener noreferrer\">Ausschnitt der weltweiten Fahrradkarte f\u00fcr H\u00f6sbach<\/a><\/h6>\n<h3>offizielle Radwege im Landkreis<\/h3>\n<h6><a href=\"https:\/\/lignoplan.com\/wordpress_7\/wp-content\/uploads\/2016\/01\/Uebersichtskarte_Haupt_und_Nebenradwege.pdf\" target=\"_blank\" rel=\"noopener noreferrer\">Radwegenetz Landkreis Aschaffenburg<\/a><\/h6>\n<h3>Fahradroutenplaner des Landkreises<\/h3>\n<p>(geben Sie spa\u00dfhalber mal die Route Laufach-Aschaffenburg ein!)<\/p>\n<h6><a href=\"https:\/\/www.vianovis.net\/lkr-aschaffenburg\/\" target=\"_blank\" rel=\"noopener noreferrer\">Radrouting Landkreis Aschaffenburg<\/a><\/h6>\n<p>&nbsp;<\/p>\n<p>&nbsp;<\/p>\n","protected":false},"excerpt":{"rendered":"<p>TweetF\u00fcr&nbsp; aktuelle und genaue Infos: Ausschnitt der weltweiten Fahrradkarte f\u00fcr H\u00f6sbach offizielle Radwege im Landkreis Radwegenetz Landkreis Aschaffenburg Fahradroutenplaner des Landkreises (geben Sie spa\u00dfhalber mal die Route Laufach-Aschaffenburg ein!) Radrouting Landkreis Aschaffenburg &nbsp; &nbsp;<\/p>\n","protected":false},"author":2,"featured_media":0,"parent":0,"menu_order":0,"comment_status":"closed","ping_status":"closed","template":"","meta":{"ngg_post_thumbnail":0,"footnotes":""},"class_list":["post-2735","page","type-page","status-publish","hentry"],"_links":{"self":[{"href":"https:\/\/lignoplan.com\/wordpress_7\/wp-json\/wp\/v2\/pages\/2735","targetHints":{"allow":["GET"]}}],"collection":[{"href":"https:\/\/lignoplan.com\/wordpress_7\/wp-json\/wp\/v2\/pages"}],"about":[{"href":"https:\/\/lignoplan.com\/wordpress_7\/wp-json\/wp\/v2\/types\/page"}],"author":[{"embeddable":true,"href":"https:\/\/lignoplan.com\/wordpress_7\/wp-json\/wp\/v2\/users\/2"}],"replies":[{"embeddable":true,"href":"https:\/\/lignoplan.com\/wordpress_7\/wp-json\/wp\/v2\/comments?post=2735"}],"version-history":[{"count":12,"href":"https:\/\/lignoplan.com\/wordpress_7\/wp-json\/wp\/v2\/pages\/2735\/revisions"}],"predecessor-version":[{"id":10193,"href":"https:\/\/lignoplan.com\/wordpress_7\/wp-json\/wp\/v2\/pages\/2735\/revisions\/10193"}],"wp:attachment":[{"href":"https:\/\/lignoplan.com\/wordpress_7\/wp-json\/wp\/v2\/media?parent=2735"}],"curies":[{"name":"wp","href":"https:\/\/api.w.org\/{rel}","templated":true}]}}