{"id":1067,"date":"2015-02-28T18:54:36","date_gmt":"2015-02-28T17:54:36","guid":{"rendered":"http:\/\/vihoesbach.bplaced.net\/wordpress\/?page_id=1067"},"modified":"2017-05-10T15:52:51","modified_gmt":"2017-05-10T13:52:51","slug":"laerm","status":"publish","type":"page","link":"https:\/\/lignoplan.com\/wordpress_7\/laerm\/","title":{"rendered":"L\u00e4rmdokumente"},"content":{"rendered":"<p><a href=\"http:\/\/twitter.com\/share?url=https%3A%2F%2Flignoplan.com%2Fwordpress_7%2Flaerm%2F&amp;count=none&amp;lang=de&amp;via=https%3A%2F%2Ftwitter.com%2Fvihinfo&amp;related=vihinfo:Verkehrs-Initiative+H%C3%B6sbach&amp;text=L\u00e4rmdokumente - VI H\u00f6sbach e.V.\" class=\"twitter-share-button\">Tweet<\/a><\/p><p>Publikation des Umweltbundesamts<\/p>\n<p><strong><a href=\"https:\/\/lignoplan.com\/wordpress_7\/wp-content\/uploads\/2017\/05\/wirkungen_von_tempo_30_an_hauptverkehrsstrassen.pdf\" target=\"_blank\" rel=\"noopener noreferrer\">Wirkungen von Tempo 30 an Hauptverkehrsstra\u00dfen<\/a><\/strong><\/p>\n<p>Publikation des Umweltbundesamts<\/p>\n<p><strong><a href=\"https:\/\/www.umweltbundesamt.de\/sites\/default\/files\/medien\/378\/publikationen\/texte_30_2016_laerm-_und_klimaschutz_durch_tempo_30.pdf\" target=\"_blank\" rel=\"noopener noreferrer\">L\u00e4rm und Klimaschutz durch Tempo 30<\/a><\/strong><\/p>\n<p>Publikation des Arbeitsring L\u00e4rm der Deutschen Gesellschaft f\u00fcr Akustik:<\/p>\n<p><strong><a href=\"https:\/\/lignoplan.com\/wordpress_7\/wp-content\/uploads\/2015\/02\/Strasenverkehrslaerm.pdf\" target=\"_blank\" rel=\"noopener noreferrer\">Strassenverkehrslaerm<\/a><\/strong><\/p>\n<p>Kosten des Verkehrs-L\u00e4rms<\/p>\n<p><strong><a href=\"https:\/\/lignoplan.com\/wordpress_7\/wp-content\/uploads\/2015\/02\/ALD-Veranstaltung_Externe-Kosten_Jaecker-Cuppers.pdf\" target=\"_blank\" rel=\"noopener noreferrer\">Externe Kosten des L\u00e4rms<\/a><\/strong><\/p>\n<p>L\u00e4rmschutz durch Tempo 30<\/p>\n<p><strong><a href=\"https:\/\/lignoplan.com\/wordpress_7\/wp-content\/uploads\/2015\/03\/Vortrag_Jaecker_Cueppers_ALD.pdf\" target=\"_blank\" rel=\"noopener noreferrer\">Vortrag_Jaecker_Cueppers_ALD<\/a><\/strong><\/p>\n<p>Publikation LfU Bayern zu Schall- und Ersch\u00fctterungsschutz<\/p>\n<div data-canvas-width=\"658.455\"><a href=\"https:\/\/www.lfu.bayern.de\/laerm\/doc\/verkehr_erschuetterungsschutz.pdf\"><strong>Schall- und Ersch\u00fctterungsschutz im Planfeststellungsverfahren f\u00fcr Landverkehrswege<\/strong><\/a><\/div>\n","protected":false},"excerpt":{"rendered":"<p>TweetPublikation des Umweltbundesamts Wirkungen von Tempo 30 an Hauptverkehrsstra\u00dfen Publikation des Umweltbundesamts L\u00e4rm und Klimaschutz durch Tempo 30 Publikation des Arbeitsring L\u00e4rm der Deutschen Gesellschaft f\u00fcr Akustik: Strassenverkehrslaerm Kosten des Verkehrs-L\u00e4rms Externe Kosten des L\u00e4rms L\u00e4rmschutz durch Tempo 30 Vortrag_Jaecker_Cueppers_ALD Publikation LfU Bayern zu Schall- und Ersch\u00fctterungsschutz Schall- und Ersch\u00fctterungsschutz im Planfeststellungsverfahren f\u00fcr Landverkehrswege<\/p>\n","protected":false},"author":2,"featured_media":0,"parent":0,"menu_order":0,"comment_status":"closed","ping_status":"closed","template":"","meta":{"ngg_post_thumbnail":0,"footnotes":""},"class_list":["post-1067","page","type-page","status-publish","hentry"],"_links":{"self":[{"href":"https:\/\/lignoplan.com\/wordpress_7\/wp-json\/wp\/v2\/pages\/1067","targetHints":{"allow":["GET"]}}],"collection":[{"href":"https:\/\/lignoplan.com\/wordpress_7\/wp-json\/wp\/v2\/pages"}],"about":[{"href":"https:\/\/lignoplan.com\/wordpress_7\/wp-json\/wp\/v2\/types\/page"}],"author":[{"embeddable":true,"href":"https:\/\/lignoplan.com\/wordpress_7\/wp-json\/wp\/v2\/users\/2"}],"replies":[{"embeddable":true,"href":"https:\/\/lignoplan.com\/wordpress_7\/wp-json\/wp\/v2\/comments?post=1067"}],"version-history":[{"count":7,"href":"https:\/\/lignoplan.com\/wordpress_7\/wp-json\/wp\/v2\/pages\/1067\/revisions"}],"predecessor-version":[{"id":3658,"href":"https:\/\/lignoplan.com\/wordpress_7\/wp-json\/wp\/v2\/pages\/1067\/revisions\/3658"}],"wp:attachment":[{"href":"https:\/\/lignoplan.com\/wordpress_7\/wp-json\/wp\/v2\/media?parent=1067"}],"curies":[{"name":"wp","href":"https:\/\/api.w.org\/{rel}","templated":true}]}}