{"id":92,"date":"2015-02-18T21:53:25","date_gmt":"2015-02-18T21:53:25","guid":{"rendered":"http:\/\/lignoplan.com\/wordpress\/?page_id=92"},"modified":"2015-03-28T15:58:14","modified_gmt":"2015-03-28T15:58:14","slug":"industrie-und-gewerbe","status":"publish","type":"page","link":"https:\/\/lignoplan.com\/wordpress\/information\/energieeinsparverordnung\/industrie-und-gewerbe\/","title":{"rendered":"&#8230; f\u00fcr Industrie und Gewerbe"},"content":{"rendered":"<h3 style=\"text-align: justify;\">Energieeinsparverordnung f\u00fcr Industrie und Gewerbe<\/h3>\n<p style=\"text-align: justify;\">Energieberatung in Industrie und Gewerbe werden durch die BAFA mit bis zu 80% der Beratungskosten gef\u00f6rdert. Bereits durch eine Initialberatung erhalten Sie einen \u00dcberblick \u00fcber das Einsparpotential Ihres Unternehmens. Bei einer Detailberatung werden die Energiestr\u00f6me in Ihrem Unternehmen genau analysiert und die Umsetzung der Ma\u00dfnahmen vorbereitet. Zus\u00e4tzlich zu der Bilanzierung nach DIN 18599 (Energie f\u00fcr Beleuchtung, Heizung, Warmwassererzeugung, K\u00fchlung, L\u00fcftung, K\u00e4lteerzeugung) werden Ihre unternehmensspezifischen Energieverbraucher, wie z.B. Druckluftanlagen etc. untersucht und bewertet.<\/p>\n<p style=\"text-align: justify;\"><strong>LIGNOPLAN erstellt zusammen mit Ihnen ein nachhaltiges Energiekonzept und hilft Ihnen Ihre Energiekosten zu senken. <\/strong><\/p>\n<p style=\"text-align: justify;\"><strong><span style=\"color: #339966;\">Nutzen Sie die staatlichen F\u00f6rderangebote!<\/span><\/strong><\/p>\n","protected":false},"excerpt":{"rendered":"<p>Energieeinsparverordnung f\u00fcr Industrie und Gewerbe Energieberatung in Industrie und Gewerbe werden durch die BAFA mit bis zu 80% der Beratungskosten gef\u00f6rdert. Bereits durch eine Initialberatung erhalten Sie einen \u00dcberblick \u00fcber das Einsparpotential Ihres Unternehmens. Bei einer Detailberatung werden die Energiestr\u00f6me in Ihrem Unternehmen genau analysiert und die Umsetzung der Ma\u00dfnahmen vorbereitet. Zus\u00e4tzlich zu der Bilanzierung [&hellip;]<\/p>\n","protected":false},"author":2,"featured_media":0,"parent":41,"menu_order":6,"comment_status":"closed","ping_status":"closed","template":"","meta":{"footnotes":""},"_links":{"self":[{"href":"https:\/\/lignoplan.com\/wordpress\/wp-json\/wp\/v2\/pages\/92"}],"collection":[{"href":"https:\/\/lignoplan.com\/wordpress\/wp-json\/wp\/v2\/pages"}],"about":[{"href":"https:\/\/lignoplan.com\/wordpress\/wp-json\/wp\/v2\/types\/page"}],"author":[{"embeddable":true,"href":"https:\/\/lignoplan.com\/wordpress\/wp-json\/wp\/v2\/users\/2"}],"replies":[{"embeddable":true,"href":"https:\/\/lignoplan.com\/wordpress\/wp-json\/wp\/v2\/comments?post=92"}],"version-history":[{"count":7,"href":"https:\/\/lignoplan.com\/wordpress\/wp-json\/wp\/v2\/pages\/92\/revisions"}],"predecessor-version":[{"id":369,"href":"https:\/\/lignoplan.com\/wordpress\/wp-json\/wp\/v2\/pages\/92\/revisions\/369"}],"up":[{"embeddable":true,"href":"https:\/\/lignoplan.com\/wordpress\/wp-json\/wp\/v2\/pages\/41"}],"wp:attachment":[{"href":"https:\/\/lignoplan.com\/wordpress\/wp-json\/wp\/v2\/media?parent=92"}],"curies":[{"name":"wp","href":"https:\/\/api.w.org\/{rel}","templated":true}]}}