{"id":75,"date":"2015-02-18T21:45:01","date_gmt":"2015-02-18T21:45:01","guid":{"rendered":"http:\/\/lignoplan.com\/wordpress\/?page_id=75"},"modified":"2021-01-02T18:25:27","modified_gmt":"2021-01-02T17:25:27","slug":"private-wohngebaeude","status":"publish","type":"page","link":"https:\/\/lignoplan.com\/wordpress\/information\/energieeinsparverordnung\/private-wohngebaeude\/","title":{"rendered":"&#8230; f\u00fcr private Wohngeb\u00e4ude"},"content":{"rendered":"\n<h3 class=\"wp-block-heading\">Geb\u00e4udeenergiegesetz f\u00fcr private Wohngeb\u00e4ude<\/h3>\n\n\n\n<p><span style=\"color: #000000;\">Am 01.11.2020 trat das Geb\u00e4udeenergiegesetz (GEG) in Kraft. Dieses Gesetz vereinigt und ersetzt das bisherige Energieeinspargesetz (EnEG), die bisherige Energiesparverordnung (EnEV) und das bisherige Erneuerbare-Energien- W\u00e4rmegesetz. Das GEG regelt die energetische Qualit\u00e4t, den Einsatz von erneuerbaren Energien und die Verwendung von Enegieausweisen.<br><\/span><\/p>\n\n\n\n<p><strong>Die wichtigsten \u00c4nderungen gegen\u00fcber den bisherigen Regelungen:<\/strong><\/p>\n\n\n\n<ul class=\"has-black-color has-text-color\"><li>Definition des Niedrigstenergie-Geb\u00e4udestandards<\/li><li>Anrechenbarkeit von geb\u00e4udenah erzeugtem Photovoltaik-Strom<\/li><li>Austausch- und Nachr\u00fcstverpflichtungen von Heizkesseln<\/li><li>Berechnung von Treibhausgas-Emissionen<\/li><li>Neue Regelungen bei der Erstellung von Energieausweisen<\/li><li>Verpflichtende Energieberatung beim Immobilienkauf<\/li><\/ul>\n\n\n\n<p><strong>LIGNOPLAN ber\u00e4t sie herstellerunabh\u00e4ngig bei der energetischen Sanierung und Modernisierung ihres bestehenden Geb\u00e4udes sowie bei der energetischen Planung Ihres Neubaus und erstellt alle <\/strong><strong>\u00f6ffentlich-rechtlich erforderlichen Nachweise (auch Nachweise f\u00fcr Kredit- und Zuschussprogramme) gezielt nach Ihren Bed\u00fcrfnissen oder im Rahmen einer&nbsp; Vor-Ort-Beratung.<\/strong><\/p>\n","protected":false},"excerpt":{"rendered":"<p>Geb\u00e4udeenergiegesetz f\u00fcr private Wohngeb\u00e4ude Am 01.11.2020 trat das Geb\u00e4udeenergiegesetz (GEG) in Kraft. Dieses Gesetz vereinigt und ersetzt das bisherige Energieeinspargesetz (EnEG), die bisherige Energiesparverordnung (EnEV) und das bisherige Erneuerbare-Energien- W\u00e4rmegesetz. Das GEG regelt die energetische Qualit\u00e4t, den Einsatz von erneuerbaren Energien und die Verwendung von Enegieausweisen. Die wichtigsten \u00c4nderungen gegen\u00fcber den bisherigen Regelungen: Definition des [&hellip;]<\/p>\n","protected":false},"author":2,"featured_media":0,"parent":41,"menu_order":8,"comment_status":"closed","ping_status":"closed","template":"","meta":{"footnotes":""},"_links":{"self":[{"href":"https:\/\/lignoplan.com\/wordpress\/wp-json\/wp\/v2\/pages\/75"}],"collection":[{"href":"https:\/\/lignoplan.com\/wordpress\/wp-json\/wp\/v2\/pages"}],"about":[{"href":"https:\/\/lignoplan.com\/wordpress\/wp-json\/wp\/v2\/types\/page"}],"author":[{"embeddable":true,"href":"https:\/\/lignoplan.com\/wordpress\/wp-json\/wp\/v2\/users\/2"}],"replies":[{"embeddable":true,"href":"https:\/\/lignoplan.com\/wordpress\/wp-json\/wp\/v2\/comments?post=75"}],"version-history":[{"count":25,"href":"https:\/\/lignoplan.com\/wordpress\/wp-json\/wp\/v2\/pages\/75\/revisions"}],"predecessor-version":[{"id":739,"href":"https:\/\/lignoplan.com\/wordpress\/wp-json\/wp\/v2\/pages\/75\/revisions\/739"}],"up":[{"embeddable":true,"href":"https:\/\/lignoplan.com\/wordpress\/wp-json\/wp\/v2\/pages\/41"}],"wp:attachment":[{"href":"https:\/\/lignoplan.com\/wordpress\/wp-json\/wp\/v2\/media?parent=75"}],"curies":[{"name":"wp","href":"https:\/\/api.w.org\/{rel}","templated":true}]}}