{"id":48,"date":"2015-02-18T17:47:26","date_gmt":"2015-02-18T17:47:26","guid":{"rendered":"http:\/\/lignoplan.com\/wordpress\/?page_id=48"},"modified":"2020-04-18T19:36:36","modified_gmt":"2020-04-18T18:36:36","slug":"foerderprogramme","status":"publish","type":"page","link":"https:\/\/lignoplan.com\/wordpress\/information\/foerderprogramme\/","title":{"rendered":"F\u00f6rderprogramme"},"content":{"rendered":"<h4 style=\"text-align: left;\"><a href=\"https:\/\/www.energie-effizienz-experten.de\/fileadmin\/dena-721-searchbutton-iframe\/\" target=\"_blank\" rel=\"noopener noreferrer\"><img loading=\"lazy\" decoding=\"async\" class=\"alignnone size-medium wp-image-564\" src=\"https:\/\/lignoplan.com\/wordpress\/wp-content\/uploads\/2015\/02\/Logo_Experte_kl-300x100.png\" alt=\"Logo_Experte_kl\" width=\"300\" height=\"100\" srcset=\"https:\/\/lignoplan.com\/wordpress\/wp-content\/uploads\/2015\/02\/Logo_Experte_kl-300x100.png 300w, https:\/\/lignoplan.com\/wordpress\/wp-content\/uploads\/2015\/02\/Logo_Experte_kl.png 330w\" sizes=\"(max-width: 300px) 100vw, 300px\" \/><\/a><\/h4>\n<h4 style=\"text-align: left;\"><\/h4>\n<h4 style=\"text-align: left;\"><strong>KfW-F\u00f6rderungen<\/strong><\/h4>\n<p>seit 1.1.2020 erh\u00f6hte F\u00f6rderung<\/p>\n<p><a href=\"https:\/\/www.kfw.de\/\" target=\"_blank\" rel=\"noopener noreferrer\"><img loading=\"lazy\" decoding=\"async\" class=\"alignnone size-full wp-image-716\" src=\"https:\/\/lignoplan.com\/wordpress\/wp-content\/uploads\/2020\/04\/Kfwlogo.jpg\" alt=\"\" width=\"175\" height=\"92\" \/><\/a><\/p>\n<h4><strong>BAFA- F\u00f6rderung f\u00fcr erneuerbare Energien<\/strong><\/h4>\n<p>seit 1.1.2020 erh\u00f6hte F\u00f6rderung<\/p>\n<p><a href=\"http:\/\/www.bafa.de\/bafa\/de\/energie\/erneuerbare_energien\/index.html\" target=\"_blank\" rel=\"noopener noreferrer\"><img loading=\"lazy\" decoding=\"async\" class=\"alignnone size-full wp-image-521\" src=\"https:\/\/lignoplan.com\/wordpress\/wp-content\/uploads\/2015\/05\/Bafalogo.jpg\" alt=\"Bafalogo\" width=\"142\" height=\"100\" \/><\/a><\/p>\n<h4><strong>10000-H\u00e4user-Programm der bayerischen Staatregierung<br \/>\n<\/strong><\/h4>\n<p><a href=\"https:\/\/www.energieatlas.bayern.de\/buerger\/10000_haeuser_programm.html\" target=\"_blank\" rel=\"noopener noreferrer\"><img loading=\"lazy\" decoding=\"async\" class=\"alignnone size-medium wp-image-570\" src=\"https:\/\/lignoplan.com\/wordpress\/wp-content\/uploads\/2015\/09\/10000h\u00e4user-300x66.png\" alt=\"10000h\u00e4user\" width=\"300\" height=\"66\" srcset=\"https:\/\/lignoplan.com\/wordpress\/wp-content\/uploads\/2015\/09\/10000h\u00e4user-300x66.png 300w, https:\/\/lignoplan.com\/wordpress\/wp-content\/uploads\/2015\/09\/10000h\u00e4user.png 543w\" sizes=\"(max-width: 300px) 100vw, 300px\" \/><\/a><\/p>\n","protected":false},"excerpt":{"rendered":"<p>KfW-F\u00f6rderungen seit 1.1.2020 erh\u00f6hte F\u00f6rderung BAFA- F\u00f6rderung f\u00fcr erneuerbare Energien seit 1.1.2020 erh\u00f6hte F\u00f6rderung 10000-H\u00e4user-Programm der bayerischen Staatregierung<\/p>\n","protected":false},"author":2,"featured_media":0,"parent":220,"menu_order":10,"comment_status":"closed","ping_status":"closed","template":"","meta":{"footnotes":""},"_links":{"self":[{"href":"https:\/\/lignoplan.com\/wordpress\/wp-json\/wp\/v2\/pages\/48"}],"collection":[{"href":"https:\/\/lignoplan.com\/wordpress\/wp-json\/wp\/v2\/pages"}],"about":[{"href":"https:\/\/lignoplan.com\/wordpress\/wp-json\/wp\/v2\/types\/page"}],"author":[{"embeddable":true,"href":"https:\/\/lignoplan.com\/wordpress\/wp-json\/wp\/v2\/users\/2"}],"replies":[{"embeddable":true,"href":"https:\/\/lignoplan.com\/wordpress\/wp-json\/wp\/v2\/comments?post=48"}],"version-history":[{"count":26,"href":"https:\/\/lignoplan.com\/wordpress\/wp-json\/wp\/v2\/pages\/48\/revisions"}],"predecessor-version":[{"id":719,"href":"https:\/\/lignoplan.com\/wordpress\/wp-json\/wp\/v2\/pages\/48\/revisions\/719"}],"up":[{"embeddable":true,"href":"https:\/\/lignoplan.com\/wordpress\/wp-json\/wp\/v2\/pages\/220"}],"wp:attachment":[{"href":"https:\/\/lignoplan.com\/wordpress\/wp-json\/wp\/v2\/media?parent=48"}],"curies":[{"name":"wp","href":"https:\/\/api.w.org\/{rel}","templated":true}]}}